CRAN Package Check Results for Package LearningRlab

Last updated on 2021-09-20 16:50:39 CEST.

Flavor Version Tinstall Tcheck Ttotal Status Flags
r-devel-linux-x86_64-debian-clang 2.2 6.12 47.74 53.86 OK
r-devel-linux-x86_64-debian-gcc 2.2 4.27 35.78 40.05 OK
r-devel-linux-x86_64-fedora-clang 2.2 72.61 OK
r-devel-linux-x86_64-fedora-gcc 2.2 64.05 OK
r-devel-windows-x86_64 2.2 10.00 58.00 68.00 OK
r-devel-windows-x86_64-gcc10-UCRT 2.2 ERROR
r-patched-linux-x86_64 2.2 6.69 44.86 51.55 OK
r-patched-solaris-x86 2.2 98.50 OK
r-release-linux-x86_64 2.2 4.94 44.90 49.84 OK
r-release-macos-arm64 2.2 OK
r-release-macos-x86_64 2.2 OK
r-release-windows-ix86+x86_64 2.2 16.00 87.00 103.00 OK
r-oldrel-macos-x86_64 2.2 OK
r-oldrel-windows-ix86+x86_64 2.2 14.00 90.00 104.00 OK

Check Details

Version: 2.2
Check: whether package can be installed
Result: ERROR
    Installation failed.
Flavor: r-devel-windows-x86_64-gcc10-UCRT