CRAN Package Check Results for Package LeArEst

Last updated on 2021-09-23 04:56:30 CEST.

Flavor Version Tinstall Tcheck Ttotal Status Flags
r-devel-linux-x86_64-debian-clang 1.0.0 4.77 33.78 38.55 NOTE
r-devel-linux-x86_64-debian-gcc 1.0.0 4.24 25.77 30.01 NOTE
r-devel-linux-x86_64-fedora-clang 1.0.0 56.63 NOTE
r-devel-linux-x86_64-fedora-gcc 1.0.0 48.06 NOTE
r-devel-windows-x86_64 1.0.0 7.00 37.00 44.00 NOTE
r-devel-windows-x86_64-gcc10-UCRT 1.0.0 ERROR
r-patched-linux-x86_64 1.0.0 4.93 32.25 37.18 NOTE
r-patched-solaris-x86 1.0.0 61.50 NOTE
r-release-linux-x86_64 1.0.0 4.90 32.58 37.48 NOTE
r-release-macos-arm64 1.0.0 NOTE
r-release-macos-x86_64 1.0.0 NOTE
r-release-windows-ix86+x86_64 1.0.0 10.00 49.00 59.00 NOTE
r-oldrel-macos-x86_64 1.0.0 OK
r-oldrel-windows-ix86+x86_64 1.0.0 8.00 36.00 44.00 OK

Check Details

Version: 1.0.0
Check: LazyData
Result: NOTE
     'LazyData' is specified without a 'data' directory
Flavors: r-devel-linux-x86_64-debian-clang, r-devel-linux-x86_64-debian-gcc, r-devel-linux-x86_64-fedora-clang, r-devel-linux-x86_64-fedora-gcc, r-devel-windows-x86_64, r-patched-linux-x86_64, r-patched-solaris-x86, r-release-linux-x86_64, r-release-macos-arm64, r-release-macos-x86_64, r-release-windows-ix86+x86_64

Version: 1.0.0
Check: package dependencies
Result: ERROR
    Package required but not available: 'jpeg'
    
    See section 'The DESCRIPTION file' in the 'Writing R Extensions'
    manual.
Flavor: r-devel-windows-x86_64-gcc10-UCRT