CRAN Package Check Results for Package LaplacesDemon

Last updated on 2022-07-07 05:56:05 CEST.

Flavor Version Tinstall Tcheck Ttotal Status Flags
r-devel-linux-x86_64-debian-clang 16.1.6 50.05 293.44 343.49 NOTE
r-devel-linux-x86_64-debian-gcc 16.1.6 41.92 211.93 253.85 NOTE
r-devel-linux-x86_64-fedora-clang 16.1.6 441.85 NOTE
r-devel-linux-x86_64-fedora-gcc 16.1.6 447.65 NOTE
r-devel-windows-x86_64 16.1.6 627.00 344.00 971.00 NOTE
r-patched-linux-x86_64 16.1.6 55.46 267.98 323.44 OK
r-release-linux-x86_64 16.1.6 48.29 267.15 315.44 OK
r-release-macos-arm64 16.1.6 92.00 NOTE
r-release-macos-x86_64 16.1.6 139.00 OK
r-release-windows-x86_64 16.1.6 393.00 366.00 759.00 OK
r-oldrel-macos-arm64 16.1.6 118.00 NOTE
r-oldrel-macos-x86_64 16.1.6 158.00 OK
r-oldrel-windows-ix86+x86_64 16.1.6 76.00 327.00 403.00 OK

Check Details

Version: 16.1.6
Check: Rd files
Result: NOTE
    checkRd: (-1) LaplaceApproximation.Rd:485: Escaped LaTeX specials: \&
    checkRd: (-1) LossMatrix.Rd:115: Escaped LaTeX specials: \&
    checkRd: (-1) LossMatrix.Rd:117: Escaped LaTeX specials: \&
Flavors: r-devel-linux-x86_64-debian-clang, r-devel-linux-x86_64-debian-gcc, r-devel-linux-x86_64-fedora-clang, r-devel-linux-x86_64-fedora-gcc, r-devel-windows-x86_64

Version: 16.1.6
Check: installed package size
Result: NOTE
     installed size is 5.4Mb
     sub-directories of 1Mb or more:
     R 2.1Mb
     doc 1.7Mb
     help 1.1Mb
Flavors: r-release-macos-arm64, r-oldrel-macos-arm64