CRAN Package Check Results for Package LabRS

Last updated on 2022-07-06 05:54:04 CEST.

Flavor Version Tinstall Tcheck Ttotal Status Flags
r-devel-linux-x86_64-debian-clang 0.1.0 1.57 25.96 27.53 NOTE
r-devel-linux-x86_64-debian-gcc 0.1.0 1.96 20.52 22.48 NOTE
r-devel-linux-x86_64-fedora-clang 0.1.0 47.07 NOTE
r-devel-linux-x86_64-fedora-gcc 0.1.0 46.82 NOTE
r-devel-windows-x86_64 0.1.0 19.00 54.00 73.00 OK
r-patched-linux-x86_64 0.1.0 2.66 25.70 28.36 NOTE
r-release-linux-x86_64 0.1.0 2.05 25.22 27.27 NOTE
r-release-macos-arm64 0.1.0 18.00 OK
r-release-macos-x86_64 0.1.0 23.00 OK
r-release-windows-x86_64 0.1.0 11.00 56.00 67.00 OK
r-oldrel-macos-arm64 0.1.0 20.00 OK
r-oldrel-macos-x86_64 0.1.0 31.00 OK
r-oldrel-windows-ix86+x86_64 0.1.0 6.00 48.00 54.00 OK

Check Details

Version: 0.1.0
Check: for non-standard things in the check directory
Result: NOTE
    Found the following files/directories:
     'MYSLID.csv' 'tabelle.csv'
Flavors: r-devel-linux-x86_64-debian-clang, r-devel-linux-x86_64-debian-gcc, r-devel-linux-x86_64-fedora-clang, r-devel-linux-x86_64-fedora-gcc, r-patched-linux-x86_64, r-release-linux-x86_64

Version: 0.1.0
Check: Rd cross-references
Result: NOTE
    Undeclared packages ‘carData’, ‘factoextra’, ‘labstatR’ in Rd xrefs
Flavor: r-devel-linux-x86_64-fedora-clang