CRAN Package Check Results for Package LSTS

Last updated on 2022-07-07 05:56:05 CEST.

Flavor Version Tinstall Tcheck Ttotal Status Flags
r-devel-linux-x86_64-debian-clang 2.1 6.52 85.99 92.51 NOTE
r-devel-linux-x86_64-debian-gcc 2.1 5.13 61.18 66.31 NOTE
r-devel-linux-x86_64-fedora-clang 2.1 122.60 NOTE
r-devel-linux-x86_64-fedora-gcc 2.1 118.44 NOTE
r-devel-windows-x86_64 2.1 13.00 106.00 119.00 NOTE
r-patched-linux-x86_64 2.1 5.04 80.49 85.53 OK
r-release-linux-x86_64 2.1 6.52 80.79 87.31 OK
r-release-macos-arm64 2.1 30.00 NOTE
r-release-macos-x86_64 2.1 55.00 NOTE
r-release-windows-x86_64 2.1 22.00 111.00 133.00 OK
r-oldrel-macos-arm64 2.1 32.00 NOTE
r-oldrel-macos-x86_64 2.1 44.00 NOTE
r-oldrel-windows-ix86+x86_64 2.1 16.00 104.00 120.00 OK

Check Details

Version: 2.1
Check: Rd files
Result: NOTE
    checkRd: (-1) LS.kalman.Rd:65: Escaped LaTeX specials: \&
    checkRd: (-1) spectral.density.Rd:55: Escaped LaTeX specials: \&
Flavors: r-devel-linux-x86_64-debian-clang, r-devel-linux-x86_64-debian-gcc, r-devel-linux-x86_64-fedora-clang, r-devel-linux-x86_64-fedora-gcc, r-devel-windows-x86_64

Version: 2.1
Check: dependencies in R code
Result: NOTE
    Namespace in Imports field not imported from: ‘Rdpack’
     All declared Imports should be used.
Flavors: r-devel-linux-x86_64-fedora-clang, r-devel-linux-x86_64-fedora-gcc, r-release-macos-arm64, r-release-macos-x86_64, r-oldrel-macos-arm64, r-oldrel-macos-x86_64