CRAN Package Check Results for Package LOGICOIL

Last updated on 2021-12-07 23:54:33 CET.

Flavor Version Tinstall Tcheck Ttotal Status Flags
r-devel-linux-x86_64-debian-clang 0.99.0 2.53 30.58 33.11 NOTE
r-devel-linux-x86_64-debian-gcc 0.99.0 1.87 24.46 26.33 NOTE
r-devel-linux-x86_64-fedora-clang 0.99.0 41.82 NOTE
r-devel-linux-x86_64-fedora-gcc 0.99.0 31.16 NOTE
r-devel-windows-x86_64-new-UL 0.99.0 7.00 57.00 64.00 NOTE
r-devel-windows-x86_64-new-TK 0.99.0 NOTE
r-devel-windows-x86_64-old 0.99.0 5.00 42.00 47.00 NOTE
r-patched-linux-x86_64 0.99.0 2.25 29.44 31.69 NOTE
r-release-linux-x86_64 0.99.0 2.25 29.39 31.64 NOTE
r-release-macos-arm64 0.99.0 NOTE
r-release-macos-x86_64 0.99.0 NOTE
r-release-windows-ix86+x86_64 0.99.0 7.00 40.00 47.00 NOTE
r-oldrel-macos-x86_64 0.99.0 NOTE
r-oldrel-windows-ix86+x86_64 0.99.0 7.00 39.00 46.00 NOTE

Check Details

Version: 0.99.0
Check: DESCRIPTION meta-information
Result: NOTE
    Malformed Title field: should not end in a period.
Flavors: r-devel-linux-x86_64-debian-clang, r-devel-linux-x86_64-debian-gcc, r-devel-linux-x86_64-fedora-clang, r-devel-linux-x86_64-fedora-gcc, r-devel-windows-x86_64-new-UL, r-devel-windows-x86_64-new-TK, r-devel-windows-x86_64-old, r-patched-linux-x86_64, r-release-linux-x86_64, r-release-macos-arm64, r-release-macos-x86_64, r-release-windows-ix86+x86_64, r-oldrel-macos-x86_64, r-oldrel-windows-ix86+x86_64

Version: 0.99.0
Check: R code for possible problems
Result: NOTE
    EstimateProbability: no visible global function definition for
     'predict'
    LOGICOIL: no visible binding for global variable 'pssm'
    LOGICOIL: no visible binding for global variable 'LOGICOILfit'
    LOGICOIL: no visible binding for global variable 'Model_Parameters'
    plot_LOGICOIL: no visible global function definition for 'png'
    plot_LOGICOIL: no visible global function definition for 'par'
    plot_LOGICOIL: no visible global function definition for 'lines'
    plot_LOGICOIL: no visible global function definition for 'axis'
    plot_LOGICOIL: no visible global function definition for 'mtext'
    plot_LOGICOIL: no visible global function definition for 'legend'
    plot_LOGICOIL: no visible global function definition for 'dev.off'
    Undefined global functions or variables:
     LOGICOILfit Model_Parameters axis dev.off legend lines mtext par png
     predict pssm
    Consider adding
     importFrom("grDevices", "dev.off", "png")
     importFrom("graphics", "axis", "legend", "lines", "mtext", "par")
     importFrom("stats", "predict")
    to your NAMESPACE file.
Flavors: r-devel-linux-x86_64-debian-clang, r-devel-linux-x86_64-debian-gcc, r-devel-linux-x86_64-fedora-clang, r-devel-linux-x86_64-fedora-gcc, r-devel-windows-x86_64-new-UL, r-devel-windows-x86_64-new-TK, r-devel-windows-x86_64-old, r-patched-linux-x86_64, r-release-linux-x86_64, r-release-macos-arm64, r-release-macos-x86_64, r-release-windows-ix86+x86_64, r-oldrel-macos-x86_64, r-oldrel-windows-ix86+x86_64

Version: 0.99.0
Check: for non-standard things in the check directory
Result: NOTE
    Found the following files/directories:
     'GCN4wt'
Flavors: r-devel-linux-x86_64-debian-clang, r-devel-linux-x86_64-debian-gcc, r-devel-linux-x86_64-fedora-clang, r-devel-linux-x86_64-fedora-gcc, r-patched-linux-x86_64, r-release-linux-x86_64