CRAN Package Check Results for Package LMoFit

Last updated on 2021-06-16 21:51:47 CEST.

Flavor Version Tinstall Tcheck Ttotal Status Flags
r-devel-linux-x86_64-debian-clang 0.1.6 10.15 88.89 99.04 OK
r-devel-linux-x86_64-debian-gcc 0.1.6 7.11 64.95 72.06 OK
r-devel-linux-x86_64-fedora-clang 0.1.6 123.82 OK
r-devel-linux-x86_64-fedora-gcc 0.1.6 114.08 OK
r-devel-windows-x86_64 0.1.6 16.00 116.00 132.00 OK
r-devel-windows-x86_64-gcc10-UCRT 0.1.6 ERROR
r-patched-linux-x86_64 0.1.6 9.89 82.46 92.35 OK
r-patched-solaris-x86 0.1.6 161.70 OK
r-release-linux-x86_64 0.1.6 8.24 81.65 89.89 OK
r-release-macos-arm64 0.1.6 OK
r-release-macos-x86_64 0.1.6 OK
r-release-windows-ix86+x86_64 0.1.6 21.00 113.00 134.00 OK
r-oldrel-macos-x86_64 0.1.6 OK
r-oldrel-windows-ix86+x86_64 0.1.6 17.00 86.00 103.00 OK

Check Details

Version: 0.1.6
Check: package dependencies
Result: ERROR
    Package required but not available: 'sf'
    
    See section 'The DESCRIPTION file' in the 'Writing R Extensions'
    manual.
Flavor: r-devel-windows-x86_64-gcc10-UCRT