Last updated on 2023-03-29 04:51:14 CEST.
Flavor | Version | Tinstall | Tcheck | Ttotal | Status | Flags |
---|---|---|---|---|---|---|
r-devel-linux-x86_64-debian-clang | 1.4.7 | 4.36 | 65.77 | 70.13 | NOTE | |
r-devel-linux-x86_64-debian-gcc | 1.4.7 | 3.48 | 50.64 | 54.12 | NOTE | |
r-devel-linux-x86_64-fedora-clang | 1.4.7 | 93.76 | NOTE | |||
r-devel-linux-x86_64-fedora-gcc | 1.4.7 | 101.71 | NOTE | |||
r-devel-windows-x86_64 | 1.4.7 | 53.00 | 0.00 | 53.00 | NOTE | |
r-patched-linux-x86_64 | 1.4.7 | 5.41 | 65.03 | 70.44 | NOTE | |
r-release-linux-x86_64 | 1.4.7 | 3.94 | 64.48 | 68.42 | OK | |
r-release-macos-arm64 | 1.4.7 | 39.00 | OK | |||
r-release-macos-x86_64 | 1.4.7 | 53.00 | OK | |||
r-release-windows-x86_64 | 1.4.7 | 38.00 | 152.00 | 190.00 | OK | |
r-oldrel-macos-arm64 | 1.4.7 | 35.00 | OK | |||
r-oldrel-macos-x86_64 | 1.4.7 | 52.00 | OK | |||
r-oldrel-windows-ix86+x86_64 | 1.4.7 | 10.00 | 112.00 | 122.00 | OK |
Version: 1.4.7
Check: Rd files
Result: NOTE
checkRd: (-1) LIMEcoli.Rd:125: Escaped LaTeX specials: \_
checkRd: (-1) Read.Rd:88: Escaped LaTeX specials: \#
checkRd: (-1) Read.Rd:92: Escaped LaTeX specials: \#
checkRd: (-1) Read.Rd:98: Escaped LaTeX specials: \#
checkRd: (-1) Read.Rd:104: Escaped LaTeX specials: \#
checkRd: (-1) Read.Rd:105: Escaped LaTeX specials: \# \#
checkRd: (-1) Read.Rd:106: Escaped LaTeX specials: \# \#
checkRd: (-1) Read.Rd:107: Escaped LaTeX specials: \#
checkRd: (-1) Read.Rd:108: Escaped LaTeX specials: \#
checkRd: (-1) Read.Rd:109: Escaped LaTeX specials: \#
checkRd: (-1) Read.Rd:110: Escaped LaTeX specials: \#
checkRd: (-1) Read.Rd:111: Escaped LaTeX specials: \# \#
checkRd: (-1) Read.Rd:112: Escaped LaTeX specials: \# \#
checkRd: (-1) Read.Rd:113: Escaped LaTeX specials: \#
checkRd: (-1) Read.Rd:114: Escaped LaTeX specials: \# \#
Flavors: r-devel-linux-x86_64-debian-clang, r-devel-linux-x86_64-debian-gcc, r-devel-linux-x86_64-fedora-clang, r-devel-linux-x86_64-fedora-gcc, r-devel-windows-x86_64, r-patched-linux-x86_64