CRAN Package Check Results for Package LDOD

Last updated on 2021-09-26 04:50:35 CEST.

Flavor Version Tinstall Tcheck Ttotal Status Flags
r-devel-linux-x86_64-debian-clang 1.0 6.35 83.11 89.46 NOTE
r-devel-linux-x86_64-debian-gcc 1.0 4.37 61.03 65.40 NOTE
r-devel-linux-x86_64-fedora-clang 1.0 120.46 NOTE
r-devel-linux-x86_64-fedora-gcc 1.0 103.47 NOTE
r-devel-windows-x86_64 1.0 7.00 77.00 84.00 NOTE
r-devel-windows-x86_64-gcc10-UCRT 1.0 NOTE
r-patched-linux-x86_64 1.0 6.25 78.48 84.73 NOTE
r-patched-solaris-x86 1.0 128.10 NOTE
r-release-linux-x86_64 1.0 5.86 78.66 84.52 NOTE
r-release-macos-arm64 1.0 NOTE
r-release-macos-x86_64 1.0 NOTE
r-release-windows-ix86+x86_64 1.0 14.00 106.00 120.00 NOTE
r-oldrel-macos-x86_64 1.0 NOTE
r-oldrel-windows-ix86+x86_64 1.0 10.00 77.00 87.00 NOTE

Check Details

Version: 1.0
Check: DESCRIPTION meta-information
Result: NOTE
    Malformed Title field: should not end in a period.
Flavors: r-devel-linux-x86_64-debian-clang, r-devel-linux-x86_64-debian-gcc, r-devel-linux-x86_64-fedora-clang, r-devel-linux-x86_64-fedora-gcc, r-devel-windows-x86_64, r-devel-windows-x86_64-gcc10-UCRT, r-patched-linux-x86_64, r-patched-solaris-x86, r-release-linux-x86_64, r-release-macos-arm64, r-release-macos-x86_64, r-release-windows-ix86+x86_64, r-oldrel-macos-x86_64, r-oldrel-windows-ix86+x86_64

Version: 1.0
Check: top-level files
Result: NOTE
    Non-standard file/directory found at top level:
     'LDOD.Rproj'
Flavors: r-devel-linux-x86_64-debian-clang, r-devel-linux-x86_64-debian-gcc, r-devel-linux-x86_64-fedora-clang, r-devel-linux-x86_64-fedora-gcc, r-patched-linux-x86_64, r-release-linux-x86_64

Version: 1.0
Check: R code for possible problems
Result: NOTE
    multistart : <anonymous>: no visible global function definition for
     'runif'
    plot.FreD.x: no visible global function definition for 'modifyList'
    plot.FreD.x: no visible global function definition for 'abline'
    plot.FreD.x: no visible global function definition for 'points'
    Undefined global functions or variables:
     abline modifyList points runif
    Consider adding
     importFrom("graphics", "abline", "points")
     importFrom("stats", "runif")
     importFrom("utils", "modifyList")
    to your NAMESPACE file.
Flavors: r-devel-linux-x86_64-debian-clang, r-devel-linux-x86_64-debian-gcc, r-devel-linux-x86_64-fedora-clang, r-devel-linux-x86_64-fedora-gcc, r-devel-windows-x86_64, r-devel-windows-x86_64-gcc10-UCRT, r-patched-linux-x86_64, r-patched-solaris-x86, r-release-linux-x86_64, r-release-macos-arm64, r-release-macos-x86_64, r-release-windows-ix86+x86_64, r-oldrel-macos-x86_64, r-oldrel-windows-ix86+x86_64