CRAN Package Check Results for Package LDNN

Last updated on 2021-07-25 07:50:06 CEST.

Flavor Version Tinstall Tcheck Ttotal Status Flags
r-devel-linux-x86_64-debian-clang 1.10 7.98 71.12 79.10 NOTE
r-devel-linux-x86_64-debian-gcc 1.10 6.52 54.78 61.30 NOTE
r-devel-linux-x86_64-fedora-clang 1.10 101.70 NOTE
r-devel-linux-x86_64-fedora-gcc 1.10 92.69 NOTE
r-devel-windows-x86_64 1.10 9.00 67.00 76.00 NOTE
r-devel-windows-x86_64-gcc10-UCRT 1.10 NOTE
r-patched-linux-x86_64 1.10 7.68 67.26 74.94 NOTE
r-patched-solaris-x86 1.10 140.40 NOTE
r-release-linux-x86_64 1.10 7.22 68.12 75.34 NOTE
r-release-macos-arm64 1.10 NOTE
r-release-macos-x86_64 1.10 NOTE
r-release-windows-ix86+x86_64 1.10 18.00 68.00 86.00 NOTE
r-oldrel-macos-x86_64 1.10 NOTE
r-oldrel-windows-ix86+x86_64 1.10 19.00 96.00 115.00 OK

Check Details

Version: 1.10
Check: LazyData
Result: NOTE
     'LazyData' is specified without a 'data' directory
Flavors: r-devel-linux-x86_64-debian-clang, r-devel-linux-x86_64-debian-gcc, r-devel-linux-x86_64-fedora-clang, r-devel-linux-x86_64-fedora-gcc, r-devel-windows-x86_64, r-devel-windows-x86_64-gcc10-UCRT, r-patched-linux-x86_64, r-patched-solaris-x86, r-release-linux-x86_64, r-release-macos-arm64, r-release-macos-x86_64, r-release-windows-ix86+x86_64

Version: 1.10
Check: dependencies in R code
Result: NOTE
    Namespaces in Imports field not imported from:
     ‘devtools’ ‘reticulate’ ‘tensorflow’
     All declared Imports should be used.
Flavors: r-devel-linux-x86_64-fedora-clang, r-devel-linux-x86_64-fedora-gcc, r-devel-windows-x86_64-gcc10-UCRT, r-patched-solaris-x86, r-release-macos-arm64, r-release-macos-x86_64, r-oldrel-macos-x86_64