CRAN Package Check Results for Package LDAShiny

Last updated on 2021-07-30 19:50:13 CEST.

Flavor Version Tinstall Tcheck Ttotal Status Flags
r-devel-linux-x86_64-debian-clang 0.9.3 OK
r-devel-linux-x86_64-debian-gcc 0.9.3 3.30 30.65 33.95 OK
r-devel-linux-x86_64-fedora-clang 0.9.3 60.27 NOTE
r-devel-linux-x86_64-fedora-gcc 0.9.3 52.78 NOTE
r-devel-windows-x86_64 0.9.3 7.00 62.00 69.00 OK
r-devel-windows-x86_64-gcc10-UCRT 0.9.3 NOTE
r-patched-linux-x86_64 0.9.3 OK
r-patched-solaris-x86 0.9.3 78.70 NOTE
r-release-linux-x86_64 0.9.3 3.82 37.89 41.71 OK
r-release-macos-arm64 0.9.3 NOTE
r-release-macos-x86_64 0.9.3 NOTE
r-release-windows-ix86+x86_64 0.9.3 13.00 59.00 72.00 OK
r-oldrel-macos-x86_64 0.9.3 NOTE
r-oldrel-windows-ix86+x86_64 0.9.3 18.00 65.00 83.00 OK

Check Details

Version: 0.9.3
Check: package dependencies
Result: NOTE
    Imports includes 25 non-default packages.
    Importing from so many packages makes the package vulnerable to any of
    them becoming unavailable. Move as many as possible to Suggests and
    use conditionally.
Flavor: r-devel-linux-x86_64-fedora-clang

Version: 0.9.3
Check: dependencies in R code
Result: NOTE
    Namespaces in Imports field not imported from:
     ‘DT’ ‘SnowballC’ ‘beepr’ ‘broom’ ‘chinese.misc’ ‘dplyr’ ‘highcharter’
     ‘htmlwidgets’ ‘ldatuning’ ‘parallel’ ‘plotly’ ‘purrr’ ‘quanteda’
     ‘shinyBS’ ‘shinyWidgets’ ‘shinyalert’ ‘shinycssloaders’ ‘shinyjs’
     ‘stringr’ ‘textmineR’ ‘tidyr’ ‘tidytext’ ‘topicmodels’
     All declared Imports should be used.
Flavors: r-devel-linux-x86_64-fedora-clang, r-devel-linux-x86_64-fedora-gcc, r-devel-windows-x86_64-gcc10-UCRT, r-patched-solaris-x86, r-release-macos-arm64, r-release-macos-x86_64, r-oldrel-macos-x86_64