CRAN Package Check Results for Package LCAextend

Last updated on 2021-09-20 16:50:39 CEST.

Flavor Version Tinstall Tcheck Ttotal Status Flags
r-devel-linux-x86_64-debian-clang 1.3 15.15 166.64 181.79 OK
r-devel-linux-x86_64-debian-gcc 1.3 11.73 117.78 129.51 OK
r-devel-linux-x86_64-fedora-clang 1.3 217.01 OK
r-devel-linux-x86_64-fedora-gcc 1.3 206.33 OK
r-devel-windows-x86_64 1.3 16.00 144.00 160.00 OK
r-devel-windows-x86_64-gcc10-UCRT 1.3 ERROR
r-patched-linux-x86_64 1.3 14.70 153.24 167.94 OK
r-patched-solaris-x86 1.3 275.70 OK
r-release-linux-x86_64 1.3 13.55 153.38 166.93 OK
r-release-macos-arm64 1.3 OK
r-release-macos-x86_64 1.3 OK
r-release-windows-ix86+x86_64 1.3 35.00 199.00 234.00 OK
r-oldrel-macos-x86_64 1.3 OK
r-oldrel-windows-ix86+x86_64 1.3 40.00 135.00 175.00 OK

Check Details

Version: 1.3
Check: whether package can be installed
Result: WARN
    Found the following significant warnings:
     WARNING: installation-time patches will not be applied, could not get the patches index
Flavor: r-devel-windows-x86_64-gcc10-UCRT

Version: 1.3
Check: PDF version of manual
Result: WARN
    LaTeX errors when creating PDF version.
    This typically indicates Rd problems.
Flavor: r-devel-windows-x86_64-gcc10-UCRT

Version: 1.3
Check: PDF version of manual without hyperrefs or index
Result: ERROR
    Re-running with no redirection of stdout/stderr.
Flavor: r-devel-windows-x86_64-gcc10-UCRT