CRAN Package Check Results for Package L0Learn

Last updated on 2022-01-27 00:50:25 CET.

Flavor Version Tinstall Tcheck Ttotal Status Flags
r-devel-linux-x86_64-debian-clang 2.0.3 264.95 159.76 424.71 OK
r-devel-linux-x86_64-debian-gcc 2.0.3 187.49 179.32 366.81 OK
r-devel-linux-x86_64-fedora-clang 2.0.3 574.84 NOTE
r-devel-linux-x86_64-fedora-gcc 2.0.3 546.38 OK
r-devel-windows-x86_64-new-UL 2.0.3 207.00 238.00 445.00 OK
r-devel-windows-x86_64-new-TK 2.0.3 OK
r-patched-linux-x86_64 2.0.3 220.79 196.96 417.75 OK
r-release-linux-x86_64 2.0.3 217.40 179.75 397.15 OK
r-release-macos-arm64 2.0.3 NOTE
r-release-macos-x86_64 2.0.3 NOTE
r-release-windows-ix86+x86_64 2.0.3 575.00 285.00 860.00 NOTE
r-oldrel-macos-x86_64 2.0.3 NOTE
r-oldrel-windows-ix86+x86_64 2.0.3 574.00 278.00 852.00 NOTE

Check Details

Version: 2.0.3
Check: installed package size
Result: NOTE
     installed size is 17.0Mb
     sub-directories of 1Mb or more:
     doc 2.4Mb
     libs 14.4Mb
Flavors: r-devel-linux-x86_64-fedora-clang, r-release-macos-arm64, r-release-macos-x86_64, r-release-windows-ix86+x86_64, r-oldrel-macos-x86_64, r-oldrel-windows-ix86+x86_64