CRAN Package Check Results for Package KoulMde

Last updated on 2022-01-27 00:50:25 CET.

Flavor Version Tinstall Tcheck Ttotal Status Flags
r-devel-linux-x86_64-debian-clang 3.2.1 48.36 72.56 120.92 NOTE
r-devel-linux-x86_64-debian-gcc 3.2.1 38.27 56.99 95.26 NOTE
r-devel-linux-x86_64-fedora-clang 3.2.1 168.72 NOTE
r-devel-linux-x86_64-fedora-gcc 3.2.1 154.38 NOTE
r-devel-windows-x86_64-new-UL 3.2.1 68.00 115.00 183.00 NOTE
r-devel-windows-x86_64-new-TK 3.2.1 NOTE
r-patched-linux-x86_64 3.2.1 49.77 69.66 119.43 NOTE
r-release-linux-x86_64 3.2.1 48.72 68.26 116.98 NOTE
r-release-macos-arm64 3.2.1 NOTE
r-release-macos-x86_64 3.2.1 NOTE
r-release-windows-ix86+x86_64 3.2.1 125.00 116.00 241.00 NOTE
r-oldrel-macos-x86_64 3.2.1 OK
r-oldrel-windows-ix86+x86_64 3.2.1 127.00 120.00 247.00 OK

Check Details

Version: 3.2.1
Check: LazyData
Result: NOTE
     'LazyData' is specified without a 'data' directory
Flavors: r-devel-linux-x86_64-debian-clang, r-devel-linux-x86_64-debian-gcc, r-devel-linux-x86_64-fedora-clang, r-devel-linux-x86_64-fedora-gcc, r-devel-windows-x86_64-new-UL, r-devel-windows-x86_64-new-TK, r-patched-linux-x86_64, r-release-linux-x86_64, r-release-macos-arm64, r-release-macos-x86_64, r-release-windows-ix86+x86_64