CRAN Package Check Results for Package Knoema

Last updated on 2021-07-26 19:49:24 CEST.

Flavor Version Tinstall Tcheck Ttotal Status Flags
r-devel-linux-x86_64-debian-clang 0.1.16 5.68 46.11 51.79 NOTE
r-devel-linux-x86_64-debian-gcc 0.1.16 4.58 35.69 40.27 NOTE
r-devel-linux-x86_64-fedora-clang 0.1.16 70.37 NOTE
r-devel-linux-x86_64-fedora-gcc 0.1.16 59.61 NOTE
r-devel-windows-x86_64 0.1.16 10.00 75.00 85.00 NOTE
r-devel-windows-x86_64-gcc10-UCRT 0.1.16 NOTE
r-patched-linux-x86_64 0.1.16 5.47 44.01 49.48 NOTE
r-patched-solaris-x86 0.1.16 82.70 NOTE
r-release-linux-x86_64 0.1.16 5.36 43.85 49.21 NOTE
r-release-macos-arm64 0.1.16 NOTE
r-release-macos-x86_64 0.1.16 NOTE
r-release-windows-ix86+x86_64 0.1.16 11.00 57.00 68.00 NOTE
r-oldrel-macos-x86_64 0.1.16 OK
r-oldrel-windows-ix86+x86_64 0.1.16 9.00 72.00 81.00 OK

Additional issues

ATLAS

Check Details

Version: 0.1.16
Check: LazyData
Result: NOTE
     'LazyData' is specified without a 'data' directory
Flavors: r-devel-linux-x86_64-debian-clang, r-devel-linux-x86_64-debian-gcc, r-devel-linux-x86_64-fedora-clang, r-devel-linux-x86_64-fedora-gcc, r-devel-windows-x86_64, r-devel-windows-x86_64-gcc10-UCRT, r-patched-linux-x86_64, r-patched-solaris-x86, r-release-linux-x86_64, r-release-macos-arm64, r-release-macos-x86_64, r-release-windows-ix86+x86_64