CRAN Package Check Results for Package KnapsackSampling

Last updated on 2021-09-26 04:50:35 CEST.

Flavor Version Tinstall Tcheck Ttotal Status Flags
r-devel-linux-x86_64-debian-clang 0.1.0 1.86 22.78 24.64 OK
r-devel-linux-x86_64-debian-gcc 0.1.0 1.48 18.02 19.50 OK
r-devel-linux-x86_64-fedora-clang 0.1.0 39.82 NOTE
r-devel-linux-x86_64-fedora-gcc 0.1.0 28.41 NOTE
r-devel-windows-x86_64 0.1.0 3.00 32.00 35.00 OK
r-devel-windows-x86_64-gcc10-UCRT 0.1.0 NOTE
r-patched-linux-x86_64 0.1.0 1.86 22.08 23.94 OK
r-patched-solaris-x86 0.1.0 44.20 NOTE
r-release-linux-x86_64 0.1.0 1.73 22.18 23.91 OK
r-release-macos-arm64 0.1.0 NOTE
r-release-macos-x86_64 0.1.0 NOTE
r-release-windows-ix86+x86_64 0.1.0 6.00 38.00 44.00 OK
r-oldrel-macos-x86_64 0.1.0 NOTE
r-oldrel-windows-ix86+x86_64 0.1.0 4.00 35.00 39.00 OK

Check Details

Version: 0.1.0
Check: dependencies in R code
Result: NOTE
    Namespace in Imports field not imported from: ‘utils’
     All declared Imports should be used.
Flavors: r-devel-linux-x86_64-fedora-clang, r-devel-linux-x86_64-fedora-gcc, r-devel-windows-x86_64-gcc10-UCRT, r-patched-solaris-x86, r-release-macos-arm64, r-release-macos-x86_64, r-oldrel-macos-x86_64