CRAN Package Check Results for Package Kendall

Last updated on 2021-10-23 05:51:32 CEST.

Flavor Version Tinstall Tcheck Ttotal Status Flags
r-devel-linux-x86_64-debian-clang 2.2 2.61 25.65 28.26 NOTE
r-devel-linux-x86_64-debian-gcc 2.2 2.06 19.90 21.96 NOTE
r-devel-linux-x86_64-fedora-clang 2.2 45.42 NOTE
r-devel-linux-x86_64-fedora-gcc 2.2 34.61 NOTE
r-devel-windows-x86_64 2.2 5.00 34.00 39.00 NOTE
r-devel-windows-x86_64-gcc10-UCRT 2.2 NOTE
r-patched-linux-x86_64 2.2 2.72 25.04 27.76 NOTE
r-patched-solaris-x86 2.2 54.00 NOTE
r-release-linux-x86_64 2.2 2.33 24.84 27.17 NOTE
r-release-macos-arm64 2.2 NOTE
r-release-macos-x86_64 2.2 NOTE
r-release-windows-ix86+x86_64 2.2 6.00 53.00 59.00 NOTE
r-oldrel-macos-x86_64 2.2 NOTE
r-oldrel-windows-ix86+x86_64 2.2 8.00 59.00 67.00 NOTE

Check Details

Version: 2.2
Check: R code for possible problems
Result: NOTE
    SeasonalMannKendall: no visible global function definition for 'is.ts'
    SeasonalMannKendall: no visible global function definition for
     'frequency'
    SeasonalMannKendall: no visible global function definition for 'cycle'
    SeasonalMannKendall: no visible global function definition for 'pnorm'
    Undefined global functions or variables:
     cycle frequency is.ts pnorm
    Consider adding
     importFrom("stats", "cycle", "frequency", "is.ts", "pnorm")
    to your NAMESPACE file.
Flavors: r-devel-linux-x86_64-debian-clang, r-devel-linux-x86_64-debian-gcc, r-devel-linux-x86_64-fedora-clang, r-devel-linux-x86_64-fedora-gcc, r-devel-windows-x86_64, r-devel-windows-x86_64-gcc10-UCRT, r-patched-linux-x86_64, r-patched-solaris-x86, r-release-linux-x86_64, r-release-macos-arm64, r-release-macos-x86_64, r-release-windows-ix86+x86_64, r-oldrel-macos-x86_64, r-oldrel-windows-ix86+x86_64

Version: 2.2
Check: compiled code
Result: NOTE
    File ‘Kendall/libs/Kendall.so’:
     Found no calls to: ‘R_registerRoutines’, ‘R_useDynamicSymbols’
    
    It is good practice to register native routines and to disable symbol
    search.
    
    See ‘Writing portable packages’ in the ‘Writing R Extensions’ manual.
Flavors: r-devel-linux-x86_64-fedora-clang, r-devel-linux-x86_64-fedora-gcc