CRAN Package Check Results for Package KFAS

Last updated on 2021-09-23 04:56:29 CEST.

Flavor Version Tinstall Tcheck Ttotal Status Flags
r-devel-linux-x86_64-debian-clang 1.4.6 26.67 132.93 159.60 OK
r-devel-linux-x86_64-debian-gcc 1.4.6 21.91 100.36 122.27 OK
r-devel-linux-x86_64-fedora-clang 1.4.6 202.52 OK
r-devel-linux-x86_64-fedora-gcc 1.4.6 190.80 OK
r-devel-windows-x86_64 1.4.6 32.00 129.00 161.00 OK
r-devel-windows-x86_64-gcc10-UCRT 1.4.6 ERROR
r-patched-linux-x86_64 1.4.6 25.38 127.03 152.41 OK
r-patched-solaris-x86 1.4.6 266.00 OK
r-release-linux-x86_64 1.4.6 25.47 126.77 152.24 OK
r-release-macos-arm64 1.4.6 OK
r-release-macos-x86_64 1.4.6 OK
r-release-windows-ix86+x86_64 1.4.6 69.00 215.00 284.00 OK
r-oldrel-macos-x86_64 1.4.6 OK
r-oldrel-windows-ix86+x86_64 1.4.6 85.00 171.00 256.00 OK

Check Details

Version: 1.4.6
Check: whether package can be installed
Result: ERROR
    Installation failed.
Flavor: r-devel-windows-x86_64-gcc10-UCRT