CRAN Package Check Results for Package JustifyAlpha

Last updated on 2022-08-14 09:52:08 CEST.

Flavor Version Tinstall Tcheck Ttotal Status Flags
r-devel-linux-x86_64-debian-clang 0.1.1 3.55 142.41 145.96 OK
r-devel-linux-x86_64-debian-gcc 0.1.1 2.58 101.02 103.60 OK
r-devel-linux-x86_64-fedora-clang 0.1.1 174.33 NOTE
r-devel-linux-x86_64-fedora-gcc 0.1.1 180.99 NOTE
r-devel-windows-x86_64 0.1.1 32.00 185.00 217.00 OK
r-patched-linux-x86_64 0.1.1 3.65 137.51 141.16 OK
r-release-linux-x86_64 0.1.1 3.16 138.46 141.62 OK
r-release-macos-arm64 0.1.1 50.00 NOTE
r-release-macos-x86_64 0.1.1 80.00 NOTE
r-release-windows-x86_64 0.1.1 33.00 182.00 215.00 OK
r-oldrel-macos-arm64 0.1.1 45.00 NOTE
r-oldrel-macos-x86_64 0.1.1 62.00 NOTE
r-oldrel-windows-ix86+x86_64 0.1.1 10.00 170.00 180.00 OK

Check Details

Version: 0.1.1
Check: dependencies in R code
Result: NOTE
    Namespaces in Imports field not imported from:
     ‘Superpower’ ‘pwr’ ‘shinydashboard’
     All declared Imports should be used.
Flavors: r-devel-linux-x86_64-fedora-clang, r-devel-linux-x86_64-fedora-gcc, r-release-macos-arm64, r-release-macos-x86_64, r-oldrel-macos-arm64, r-oldrel-macos-x86_64