CRAN Package Check Results for Package JumpeR

Last updated on 2021-07-30 19:50:12 CEST.

Flavor Version Tinstall Tcheck Ttotal Status Flags
r-devel-linux-x86_64-debian-clang 0.1.4 NOTE
r-devel-linux-x86_64-debian-gcc 0.1.4 6.29 45.09 51.38 NOTE
r-devel-linux-x86_64-fedora-clang 0.1.4 91.60 NOTE
r-devel-linux-x86_64-fedora-gcc 0.1.4 77.36 NOTE
r-devel-windows-x86_64 0.1.4 11.00 79.00 90.00 NOTE
r-devel-windows-x86_64-gcc10-UCRT 0.1.4 NOTE
r-patched-linux-x86_64 0.1.4 NOTE
r-patched-solaris-x86 0.1.4 115.00 NOTE
r-release-linux-x86_64 0.1.4 7.93 56.66 64.59 NOTE
r-release-macos-arm64 0.1.4 NOTE
r-release-macos-x86_64 0.1.4 NOTE
r-release-windows-ix86+x86_64 0.1.4 18.00 74.00 92.00 NOTE
r-oldrel-macos-x86_64 0.1.4 OK
r-oldrel-windows-ix86+x86_64 0.1.4 12.00 77.00 89.00 OK

Check Details

Version: 0.1.4
Check: LazyData
Result: NOTE
     'LazyData' is specified without a 'data' directory
Flavors: r-devel-linux-x86_64-debian-clang, r-devel-linux-x86_64-debian-gcc, r-devel-linux-x86_64-fedora-clang, r-devel-linux-x86_64-fedora-gcc, r-devel-windows-x86_64, r-devel-windows-x86_64-gcc10-UCRT, r-patched-linux-x86_64, r-patched-solaris-x86, r-release-linux-x86_64, r-release-macos-arm64, r-release-macos-x86_64, r-release-windows-ix86+x86_64