CRAN Package Check Results for Package JMcmprsk

Last updated on 2021-06-13 21:48:16 CEST.

Flavor Version Tinstall Tcheck Ttotal Status Flags
r-devel-linux-x86_64-debian-clang 0.9.10 64.34 50.85 115.19 OK
r-devel-linux-x86_64-debian-gcc 0.9.10 42.76 39.52 82.28 OK
r-devel-linux-x86_64-fedora-clang 0.9.10 181.29 NOTE
r-devel-linux-x86_64-fedora-gcc 0.9.10 166.55 NOTE
r-devel-windows-x86_64 0.9.10 79.00 87.00 166.00 OK
r-devel-windows-x86_64-gcc10-UCRT 0.9.10 NOTE
r-patched-linux-x86_64 0.9.10 51.89 50.02 101.91 OK
r-patched-solaris-x86 0.9.10 167.40 NOTE
r-release-linux-x86_64 0.9.10 52.10 49.20 101.30 OK
r-release-macos-arm64 0.9.10 NOTE
r-release-macos-x86_64 0.9.10 NOTE
r-release-windows-ix86+x86_64 0.9.10 130.00 120.00 250.00 OK
r-oldrel-macos-x86_64 0.9.10 NOTE
r-oldrel-windows-ix86+x86_64 0.9.10 138.00 113.00 251.00 OK

Check Details

Version: 0.9.10
Check: dependencies in R code
Result: NOTE
    Namespace in Imports field not imported from: ‘dplyr’
     All declared Imports should be used.
Flavors: r-devel-linux-x86_64-fedora-clang, r-devel-linux-x86_64-fedora-gcc, r-devel-windows-x86_64-gcc10-UCRT, r-patched-solaris-x86, r-release-macos-arm64, r-release-macos-x86_64, r-oldrel-macos-x86_64

Version: 0.9.10
Check: installed package size
Result: NOTE
     installed size is 6.1Mb
     sub-directories of 1Mb or more:
     libs 5.4Mb
Flavors: r-release-macos-arm64, r-release-macos-x86_64, r-oldrel-macos-x86_64