CRAN Package Check Results for Package JMI

Last updated on 2022-01-28 00:48:58 CET.

Flavor Version Tinstall Tcheck Ttotal Status Flags
r-devel-linux-x86_64-debian-clang 0.1.0 35.00 33.98 68.98 NOTE
r-devel-linux-x86_64-debian-gcc 0.1.0 24.74 26.64 51.38 NOTE
r-devel-linux-x86_64-fedora-clang 0.1.0 96.61 NOTE
r-devel-linux-x86_64-fedora-gcc 0.1.0 75.38 NOTE
r-devel-windows-x86_64-new-UL 0.1.0 35.00 80.00 115.00 NOTE
r-devel-windows-x86_64-new-TK 0.1.0 NOTE
r-patched-linux-x86_64 0.1.0 29.28 33.19 62.47 NOTE
r-release-linux-x86_64 0.1.0 28.69 32.84 61.53 NOTE
r-release-macos-arm64 0.1.0 NOTE
r-release-macos-x86_64 0.1.0 NOTE
r-release-windows-ix86+x86_64 0.1.0 79.00 66.00 145.00 NOTE
r-oldrel-macos-x86_64 0.1.0 OK
r-oldrel-windows-ix86+x86_64 0.1.0 79.00 66.00 145.00 OK

Check Details

Version: 0.1.0
Check: LazyData
Result: NOTE
     'LazyData' is specified without a 'data' directory
Flavors: r-devel-linux-x86_64-debian-clang, r-devel-linux-x86_64-debian-gcc, r-devel-linux-x86_64-fedora-clang, r-devel-linux-x86_64-fedora-gcc, r-devel-windows-x86_64-new-UL, r-devel-windows-x86_64-new-TK, r-patched-linux-x86_64, r-release-linux-x86_64, r-release-macos-arm64, r-release-macos-x86_64, r-release-windows-ix86+x86_64