CRAN Package Check Results for Package InjurySeverityScore

Last updated on 2021-11-30 11:51:59 CET.

Flavor Version Tinstall Tcheck Ttotal Status Flags
r-devel-linux-x86_64-debian-clang 0.0.0.2 1.63 21.75 23.38 NOTE
r-devel-linux-x86_64-debian-gcc 0.0.0.2 1.51 16.89 18.40 NOTE
r-devel-linux-x86_64-fedora-clang 0.0.0.2 39.98 NOTE
r-devel-linux-x86_64-fedora-gcc 0.0.0.2 30.45 NOTE
r-devel-windows-x86_64-new-UL 0.0.0.2 7.00 57.00 64.00 NOTE
r-devel-windows-x86_64-new-TK 0.0.0.2 NOTE
r-devel-windows-x86_64-old 0.0.0.2 4.00 31.00 35.00 NOTE
r-patched-linux-x86_64 0.0.0.2 1.96 20.87 22.83 NOTE
r-patched-solaris-x86 0.0.0.2 46.10 NOTE
r-release-linux-x86_64 0.0.0.2 1.65 20.80 22.45 NOTE
r-release-macos-arm64 0.0.0.2 NOTE
r-release-macos-x86_64 0.0.0.2 NOTE
r-release-windows-ix86+x86_64 0.0.0.2 6.00 30.00 36.00 NOTE
r-oldrel-macos-x86_64 0.0.0.2 OK
r-oldrel-windows-ix86+x86_64 0.0.0.2 4.00 30.00 34.00 OK

Check Details

Version: 0.0.0.2
Check: LazyData
Result: NOTE
     'LazyData' is specified without a 'data' directory
Flavors: r-devel-linux-x86_64-debian-clang, r-devel-linux-x86_64-debian-gcc, r-devel-linux-x86_64-fedora-clang, r-devel-linux-x86_64-fedora-gcc, r-devel-windows-x86_64-new-UL, r-devel-windows-x86_64-new-TK, r-devel-windows-x86_64-old, r-patched-linux-x86_64, r-patched-solaris-x86, r-release-linux-x86_64, r-release-macos-arm64, r-release-macos-x86_64, r-release-windows-ix86+x86_64