Last updated on 2023-02-04 17:52:33 CET.
Flavor | Version | Tinstall | Tcheck | Ttotal | Status | Flags |
---|---|---|---|---|---|---|
r-devel-linux-x86_64-debian-clang | 1.3.1 | 2.94 | 40.67 | 43.61 | OK | |
r-devel-linux-x86_64-debian-gcc | 1.3.1 | 1.98 | 29.81 | 31.79 | OK | |
r-devel-linux-x86_64-fedora-clang | 1.3.1 | 55.03 | NOTE | |||
r-devel-linux-x86_64-fedora-gcc | 1.3.1 | 53.14 | OK | |||
r-devel-windows-x86_64 | 1.3.1 | 30.00 | 67.00 | 97.00 | OK | |
r-patched-linux-x86_64 | 1.3.1 | 2.59 | 38.52 | 41.11 | OK | |
r-release-linux-x86_64 | 1.3.1 | 2.26 | 39.53 | 41.79 | OK | |
r-release-macos-arm64 | 1.3.1 | 25.00 | NOTE | |||
r-release-macos-x86_64 | 1.3.1 | 29.00 | OK | |||
r-release-windows-x86_64 | 1.3.1 | 25.00 | 72.00 | 97.00 | OK | |
r-oldrel-macos-arm64 | 1.3.1 | 27.00 | NOTE | |||
r-oldrel-macos-x86_64 | 1.3.1 | 35.00 | OK | |||
r-oldrel-windows-ix86+x86_64 | 1.3.1 | 6.00 | 67.00 | 73.00 | OK |
Version: 1.3.1
Check: Rd cross-references
Result: NOTE
Undeclared package ‘minfi’ in Rd xrefs
Flavor: r-devel-linux-x86_64-fedora-clang
Version: 1.3.1
Check: Rd cross-references
Result: NOTE
Package unavailable to check Rd xrefs: ‘minfi’
Flavors: r-release-macos-arm64, r-oldrel-macos-arm64