CRAN Package Check Results for Package IRCcheck

Last updated on 2022-05-23 14:53:29 CEST.

Flavor Version Tinstall Tcheck Ttotal Status Flags
r-devel-linux-x86_64-debian-clang 1.0.0 6.82 70.35 77.17 OK
r-devel-linux-x86_64-debian-gcc 1.0.0 5.43 52.19 57.62 OK
r-devel-linux-x86_64-fedora-clang 1.0.0 96.63 NOTE
r-devel-linux-x86_64-fedora-gcc 1.0.0 88.80 NOTE
r-devel-windows-x86_64 1.0.0 21.00 84.00 105.00 OK
r-patched-linux-x86_64 1.0.0 6.46 65.78 72.24 OK
r-release-linux-x86_64 1.0.0 OK
r-release-macos-arm64 1.0.0 26.00 NOTE
r-release-macos-x86_64 1.0.0 50.00 NOTE
r-release-windows-x86_64 1.0.0 20.00 87.00 107.00 OK
r-oldrel-macos-arm64 1.0.0 29.00 NOTE
r-oldrel-macos-x86_64 1.0.0 41.00 NOTE
r-oldrel-windows-ix86+x86_64 1.0.0 18.00 79.00 97.00 OK

Check Details

Version: 1.0.0
Check: dependencies in R code
Result: NOTE
    Namespaces in Imports field not imported from:
     ‘Rdpack’ ‘glmnet’
     All declared Imports should be used.
Flavors: r-devel-linux-x86_64-fedora-clang, r-devel-linux-x86_64-fedora-gcc, r-release-macos-arm64, r-release-macos-x86_64, r-oldrel-macos-arm64, r-oldrel-macos-x86_64