CRAN Package Check Results for Package IPWpn

Last updated on 2021-10-18 04:54:22 CEST.

Flavor Version Tinstall Tcheck Ttotal Status Flags
r-devel-linux-x86_64-debian-clang 0.1.0 12.52 91.60 104.12 OK
r-devel-linux-x86_64-debian-gcc 0.1.0 9.53 69.13 78.66 OK
r-devel-linux-x86_64-fedora-clang 0.1.0 132.23 NOTE
r-devel-linux-x86_64-fedora-gcc 0.1.0 125.66 NOTE
r-devel-windows-x86_64 0.1.0 19.00 116.00 135.00 OK
r-devel-windows-x86_64-gcc10-UCRT 0.1.0 NOTE
r-patched-linux-x86_64 0.1.0 12.42 85.35 97.77 OK
r-patched-solaris-x86 0.1.0 179.90 NOTE
r-release-linux-x86_64 0.1.0 11.59 85.60 97.19 OK
r-release-macos-arm64 0.1.0 NOTE
r-release-macos-x86_64 0.1.0 NOTE
r-release-windows-ix86+x86_64 0.1.0 29.00 111.00 140.00 OK
r-oldrel-macos-x86_64 0.1.0 NOTE
r-oldrel-windows-ix86+x86_64 0.1.0 29.00 109.00 138.00 OK

Additional issues

donttest

Check Details

Version: 0.1.0
Check: dependencies in R code
Result: NOTE
    Namespaces in Imports field not imported from:
     ‘mvtnorm’ ‘tidyr’
     All declared Imports should be used.
Flavors: r-devel-linux-x86_64-fedora-clang, r-devel-linux-x86_64-fedora-gcc, r-devel-windows-x86_64-gcc10-UCRT, r-patched-solaris-x86, r-release-macos-arm64, r-release-macos-x86_64, r-oldrel-macos-x86_64