CRAN Package Check Results for Package IPWboxplot

Last updated on 2021-10-25 04:54:12 CEST.

Flavor Version Tinstall Tcheck Ttotal Status Flags
r-devel-linux-x86_64-debian-clang 0.1.0 2.51 33.18 35.69 NOTE
r-devel-linux-x86_64-debian-gcc 0.1.0 2.28 26.42 28.70 NOTE
r-devel-linux-x86_64-fedora-clang 0.1.0 55.96 OK
r-devel-linux-x86_64-fedora-gcc 0.1.0 43.21 OK
r-devel-windows-x86_64 0.1.0 5.00 62.00 67.00 NOTE
r-devel-windows-x86_64-gcc10-UCRT 0.1.0 OK
r-patched-linux-x86_64 0.1.0 2.80 31.77 34.57 NOTE
r-patched-solaris-x86 0.1.0 56.40 OK
r-release-linux-x86_64 0.1.0 2.28 31.35 33.63 NOTE
r-release-macos-arm64 0.1.0 OK
r-release-macos-x86_64 0.1.0 OK
r-release-windows-ix86+x86_64 0.1.0 5.00 64.00 69.00 NOTE
r-oldrel-macos-x86_64 0.1.0 OK
r-oldrel-windows-ix86+x86_64 0.1.0 7.00 61.00 68.00 NOTE

Check Details

Version: 0.1.0
Check: package vignettes
Result: NOTE
    Package vignette with placeholder title 'Vignette Title':
     'my-vignette.Rmd'
Flavors: r-devel-linux-x86_64-debian-clang, r-devel-linux-x86_64-debian-gcc, r-devel-windows-x86_64, r-patched-linux-x86_64, r-release-linux-x86_64, r-release-windows-ix86+x86_64, r-oldrel-windows-ix86+x86_64