CRAN Package Check Results for Package IOHexperimenter

Last updated on 2021-12-06 11:51:58 CET.

Flavor Version Tinstall Tcheck Ttotal Status Flags
r-devel-linux-x86_64-debian-clang 0.1.4 48.94 38.52 87.46 NOTE
r-devel-linux-x86_64-debian-gcc 0.1.4 40.60 30.59 71.19 NOTE
r-devel-linux-x86_64-fedora-clang 0.1.4 145.31 NOTE
r-devel-linux-x86_64-fedora-gcc 0.1.4 118.27 NOTE
r-devel-windows-x86_64-new-UL 0.1.4 101.00 108.00 209.00 NOTE
r-devel-windows-x86_64-new-TK 0.1.4 NOTE
r-devel-windows-x86_64-old 0.1.4 82.00 50.00 132.00 NOTE
r-patched-linux-x86_64 0.1.4 50.31 29.23 79.54 NOTE
r-release-linux-x86_64 0.1.4 46.07 37.37 83.44 NOTE
r-release-macos-arm64 0.1.4 NOTE
r-release-macos-x86_64 0.1.4 NOTE
r-release-windows-ix86+x86_64 0.1.4 153.00 79.00 232.00 NOTE
r-oldrel-macos-x86_64 0.1.4 NOTE
r-oldrel-windows-ix86+x86_64 0.1.4 152.00 87.00 239.00 OK

Check Details

Version: 0.1.4
Check: LazyData
Result: NOTE
     'LazyData' is specified without a 'data' directory
Flavors: r-devel-linux-x86_64-debian-clang, r-devel-linux-x86_64-debian-gcc, r-devel-linux-x86_64-fedora-clang, r-devel-linux-x86_64-fedora-gcc, r-devel-windows-x86_64-new-UL, r-devel-windows-x86_64-new-TK, r-devel-windows-x86_64-old, r-patched-linux-x86_64, r-release-linux-x86_64, r-release-macos-arm64, r-release-macos-x86_64, r-release-windows-ix86+x86_64

Version: 0.1.4
Check: installed package size
Result: NOTE
     installed size is 5.5Mb
     sub-directories of 1Mb or more:
     libs 5.3Mb
Flavors: r-devel-linux-x86_64-fedora-clang, r-release-macos-arm64, r-release-macos-x86_64, r-oldrel-macos-x86_64