CRAN Package Check Results for Package IMD

Last updated on 2022-01-25 00:49:51 CET.

Flavor Version Tinstall Tcheck Ttotal Status Flags
r-devel-linux-x86_64-debian-clang 1.0.2 4.32 41.85 46.17 OK
r-devel-linux-x86_64-debian-gcc 1.0.2 4.46 32.36 36.82 OK
r-devel-linux-x86_64-fedora-clang 1.0.2 57.89 NOTE
r-devel-linux-x86_64-fedora-gcc 1.0.2 47.11 NOTE
r-devel-windows-x86_64-new-UL 1.0.2 27.00 65.00 92.00 OK
r-devel-windows-x86_64-new-TK 1.0.2 NOTE
r-patched-linux-x86_64 1.0.2 4.77 39.86 44.63 OK
r-release-linux-x86_64 1.0.2 4.27 40.05 44.32 OK
r-release-macos-arm64 1.0.2 NOTE
r-release-macos-x86_64 1.0.2 NOTE
r-release-windows-ix86+x86_64 1.0.2 11.00 51.00 62.00 OK

Check Details

Version: 1.0.2
Check: dependencies in R code
Result: NOTE
    Namespaces in Imports field not imported from:
     ‘Hmisc’ ‘devtools’ ‘httr’ ‘readODS’ ‘readxl’ ‘tidyr’
     All declared Imports should be used.
Flavors: r-devel-linux-x86_64-fedora-clang, r-devel-linux-x86_64-fedora-gcc, r-devel-windows-x86_64-new-TK, r-release-macos-arm64, r-release-macos-x86_64