CRAN Package Check Results for Package IFC

Last updated on 2021-10-21 16:49:46 CEST.

Flavor Version Tinstall Tcheck Ttotal Status Flags
r-devel-linux-x86_64-debian-clang 0.1.2 53.23 115.89 169.12 NOTE
r-devel-linux-x86_64-debian-gcc 0.1.2 45.93 85.23 131.16 NOTE
r-devel-linux-x86_64-fedora-clang 0.1.2 229.01 NOTE
r-devel-linux-x86_64-fedora-gcc 0.1.2 211.30 NOTE
r-devel-windows-x86_64 0.1.2 79.00 147.00 226.00 NOTE
r-devel-windows-x86_64-gcc10-UCRT 0.1.2 NOTE
r-patched-linux-x86_64 0.1.2 54.61 112.87 167.48 NOTE
r-patched-solaris-x86 0.1.2 217.70 NOTE
r-release-linux-x86_64 0.1.2 48.46 112.03 160.49 NOTE
r-release-macos-arm64 0.1.1 NOTE
r-release-macos-x86_64 0.1.2 NOTE
r-release-windows-ix86+x86_64 0.1.2 88.00 116.00 204.00 NOTE
r-oldrel-macos-x86_64 0.1.2 NOTE
r-oldrel-windows-ix86+x86_64 0.1.2 85.00 113.00 198.00 NOTE

Check Details

Version: 0.1.2
Check: package dependencies
Result: NOTE
    Package suggested but not available for checking: 'IFCdata'
Flavors: r-devel-linux-x86_64-debian-clang, r-devel-linux-x86_64-debian-gcc, r-devel-linux-x86_64-fedora-clang, r-devel-linux-x86_64-fedora-gcc, r-devel-windows-x86_64, r-devel-windows-x86_64-gcc10-UCRT, r-patched-linux-x86_64, r-patched-solaris-x86, r-release-linux-x86_64, r-release-macos-x86_64, r-release-windows-ix86+x86_64, r-oldrel-macos-x86_64, r-oldrel-windows-ix86+x86_64

Version: 0.1.1
Check: package dependencies
Result: NOTE
    Package suggested but not available for checking: ‘IFCdata’
Flavor: r-release-macos-arm64

Version: 0.1.1
Check: installed package size
Result: NOTE
     installed size is 5.5Mb
     sub-directories of 1Mb or more:
     libs 4.4Mb
Flavor: r-release-macos-arm64

Version: 0.1.2
Check: installed package size
Result: NOTE
     installed size is 5.6Mb
     sub-directories of 1Mb or more:
     libs 4.1Mb
Flavors: r-release-macos-x86_64, r-oldrel-macos-x86_64