CRAN Package Check Results for Package ICED

Last updated on 2023-03-31 17:49:27 CEST.

Flavor Version Tinstall Tcheck Ttotal Status Flags
r-devel-linux-x86_64-debian-clang 0.0.1 5.56 48.98 54.54 OK
r-devel-linux-x86_64-debian-gcc 0.0.1 4.18 37.19 41.37 OK
r-devel-linux-x86_64-fedora-clang 0.0.1 69.79 NOTE
r-devel-linux-x86_64-fedora-gcc 0.0.1 76.12 NOTE
r-devel-windows-x86_64 0.0.1 14.00 84.00 98.00 OK
r-patched-linux-x86_64 0.0.1 5.13 47.74 52.87 OK
r-release-linux-x86_64 0.0.1 5.40 49.07 54.47 OK
r-release-macos-arm64 0.0.1 20.00 NOTE
r-release-macos-x86_64 0.0.1 32.00 NOTE
r-release-windows-x86_64 0.0.1 13.00 86.00 99.00 OK
r-oldrel-macos-arm64 0.0.1 21.00 NOTE
r-oldrel-macos-x86_64 0.0.1 35.00 NOTE
r-oldrel-windows-ix86+x86_64 0.0.1 12.00 78.00 90.00 OK

Check Details

Version: 0.0.1
Check: dependencies in R code
Result: NOTE
    Namespace in Imports field not imported from: ‘knitr’
     All declared Imports should be used.
Flavors: r-devel-linux-x86_64-fedora-clang, r-devel-linux-x86_64-fedora-gcc, r-release-macos-arm64, r-release-macos-x86_64, r-oldrel-macos-arm64, r-oldrel-macos-x86_64