CRAN Package Check Results for Package ICCbin

Last updated on 2023-02-04 17:52:32 CET.

Flavor Version Tinstall Tcheck Ttotal Status Flags
r-devel-linux-x86_64-debian-clang 1.1.1 2.53 35.74 38.27 NOTE
r-devel-linux-x86_64-debian-gcc 1.1.1 2.68 27.47 30.15 NOTE
r-devel-linux-x86_64-fedora-clang 1.1.1 49.18 NOTE
r-devel-linux-x86_64-fedora-gcc 1.1.1 47.99 NOTE
r-devel-windows-x86_64 1.1.1 13.00 62.00 75.00 NOTE
r-patched-linux-x86_64 1.1.1 3.09 33.86 36.95 NOTE
r-release-linux-x86_64 1.1.1 3.49 34.23 37.72 NOTE
r-release-macos-arm64 1.1.1 17.00 NOTE
r-release-macos-x86_64 1.1.1 25.00 NOTE
r-release-windows-x86_64 1.1.1 11.00 62.00 73.00 NOTE
r-oldrel-macos-arm64 1.1.1 20.00 NOTE
r-oldrel-macos-x86_64 1.1.1 45.00 NOTE
r-oldrel-windows-ix86+x86_64 1.1.1 7.00 63.00 70.00 NOTE

Check Details

Version: 1.1.1
Check: LazyData
Result: NOTE
     'LazyData' is specified without a 'data' directory
Flavors: r-devel-linux-x86_64-debian-clang, r-devel-linux-x86_64-debian-gcc, r-devel-linux-x86_64-fedora-clang, r-devel-linux-x86_64-fedora-gcc, r-devel-windows-x86_64, r-patched-linux-x86_64, r-release-linux-x86_64, r-release-macos-arm64, r-release-macos-x86_64, r-release-windows-x86_64, r-oldrel-macos-arm64, r-oldrel-macos-x86_64, r-oldrel-windows-ix86+x86_64