CRAN Package Check Results for Package HaploSim

Last updated on 2021-12-07 23:54:30 CET.

Flavor Version Tinstall Tcheck Ttotal Status Flags
r-devel-linux-x86_64-debian-clang 1.8.4 4.37 40.05 44.42 NOTE
r-devel-linux-x86_64-debian-gcc 1.8.4 2.77 31.36 34.13 NOTE
r-devel-linux-x86_64-fedora-clang 1.8.4 56.50 NOTE
r-devel-linux-x86_64-fedora-gcc 1.8.4 45.04 NOTE
r-devel-windows-x86_64-new-UL 1.8.4 11.00 69.00 80.00 NOTE
r-devel-windows-x86_64-new-TK 1.8.4 NOTE
r-devel-windows-x86_64-old 1.8.4 9.00 53.00 62.00 NOTE
r-patched-linux-x86_64 1.8.4 4.37 38.64 43.01 NOTE
r-release-linux-x86_64 1.8.4 4.02 38.35 42.37 NOTE
r-release-macos-arm64 1.8.4 NOTE
r-release-macos-x86_64 1.8.4 NOTE
r-release-windows-ix86+x86_64 1.8.4 7.00 49.00 56.00 NOTE
r-oldrel-macos-x86_64 1.8.4 NOTE
r-oldrel-windows-ix86+x86_64 1.8.4 25.00 51.00 76.00 NOTE

Check Details

Version: 1.8.4
Check: R code for possible problems
Result: NOTE
    AssignQTL : <anonymous>: no visible global function definition for
     'rgamma'
    AssignSingleQTL: no visible global function definition for 'rgamma'
    ListQTL : <anonymous>: no visible global function definition for
     'rgamma'
    SampleBaseHaplotype: no visible global function definition for 'runif'
    SampleHaplotype: no visible global function definition for 'rpois'
    SampleHaplotype: no visible global function definition for 'runif'
    SampleHaplotype: no visible global function definition for 'rbinom'
    Undefined global functions or variables:
     rbinom rgamma rpois runif
    Consider adding
     importFrom("stats", "rbinom", "rgamma", "rpois", "runif")
    to your NAMESPACE file.
Flavors: r-devel-linux-x86_64-debian-clang, r-devel-linux-x86_64-debian-gcc, r-devel-linux-x86_64-fedora-clang, r-devel-linux-x86_64-fedora-gcc, r-devel-windows-x86_64-new-UL, r-devel-windows-x86_64-new-TK, r-devel-windows-x86_64-old, r-patched-linux-x86_64, r-release-linux-x86_64, r-release-macos-arm64, r-release-macos-x86_64, r-release-windows-ix86+x86_64, r-oldrel-macos-x86_64, r-oldrel-windows-ix86+x86_64