CRAN Package Check Results for Package HadamardR

Last updated on 2021-07-26 19:49:21 CEST.

Flavor Version Tinstall Tcheck Ttotal Status Flags
r-devel-linux-x86_64-debian-clang 1.0.0 5.53 33.88 39.41 NOTE
r-devel-linux-x86_64-debian-gcc 1.0.0 4.08 26.68 30.76 NOTE
r-devel-linux-x86_64-fedora-clang 1.0.0 55.64 NOTE
r-devel-linux-x86_64-fedora-gcc 1.0.0 44.59 NOTE
r-devel-windows-x86_64 1.0.0 8.00 52.00 60.00 NOTE
r-devel-windows-x86_64-gcc10-UCRT 1.0.0 NOTE
r-patched-linux-x86_64 1.0.0 5.23 32.79 38.02 NOTE
r-patched-solaris-x86 1.0.0 62.70 NOTE
r-release-linux-x86_64 1.0.0 5.18 32.51 37.69 NOTE
r-release-macos-arm64 1.0.0 NOTE
r-release-macos-x86_64 1.0.0 NOTE
r-release-windows-ix86+x86_64 1.0.0 9.00 45.00 54.00 NOTE
r-oldrel-macos-x86_64 1.0.0 OK
r-oldrel-windows-ix86+x86_64 1.0.0 7.00 51.00 58.00 OK

Check Details

Version: 1.0.0
Check: LazyData
Result: NOTE
     'LazyData' is specified without a 'data' directory
Flavors: r-devel-linux-x86_64-debian-clang, r-devel-linux-x86_64-debian-gcc, r-devel-linux-x86_64-fedora-clang, r-devel-linux-x86_64-fedora-gcc, r-devel-windows-x86_64, r-devel-windows-x86_64-gcc10-UCRT, r-patched-linux-x86_64, r-patched-solaris-x86, r-release-linux-x86_64, r-release-macos-arm64, r-release-macos-x86_64, r-release-windows-ix86+x86_64