CRAN Package Check Results for Package HPLB

Last updated on 2021-11-30 11:51:59 CET.

Flavor Version Tinstall Tcheck Ttotal Status Flags
r-devel-linux-x86_64-debian-clang 1.0.0 2.76 31.56 34.32 NOTE
r-devel-linux-x86_64-debian-gcc 1.0.0 2.05 24.58 26.63 NOTE
r-devel-linux-x86_64-fedora-clang 1.0.0 53.35 NOTE
r-devel-linux-x86_64-fedora-gcc 1.0.0 42.64 NOTE
r-devel-windows-x86_64-new-UL 1.0.0 9.00 67.00 76.00 NOTE
r-devel-windows-x86_64-new-TK 1.0.0 NOTE
r-devel-windows-x86_64-old 1.0.0 6.00 38.00 44.00 NOTE
r-patched-linux-x86_64 1.0.0 2.65 29.61 32.26 NOTE
r-patched-solaris-x86 1.0.0 62.80 NOTE
r-release-linux-x86_64 1.0.0 2.92 29.87 32.79 NOTE
r-release-macos-arm64 1.0.0 NOTE
r-release-macos-x86_64 1.0.0 NOTE
r-release-windows-ix86+x86_64 1.0.0 7.00 38.00 45.00 NOTE
r-oldrel-macos-x86_64 1.0.0 OK
r-oldrel-windows-ix86+x86_64 1.0.0 5.00 33.00 38.00 OK

Check Details

Version: 1.0.0
Check: LazyData
Result: NOTE
     'LazyData' is specified without a 'data' directory
Flavors: r-devel-linux-x86_64-debian-clang, r-devel-linux-x86_64-debian-gcc, r-devel-linux-x86_64-fedora-clang, r-devel-linux-x86_64-fedora-gcc, r-devel-windows-x86_64-new-UL, r-devel-windows-x86_64-new-TK, r-devel-windows-x86_64-old, r-patched-linux-x86_64, r-patched-solaris-x86, r-release-linux-x86_64, r-release-macos-arm64, r-release-macos-x86_64, r-release-windows-ix86+x86_64