CRAN Package Check Results for Package HDclust

Last updated on 2021-10-18 04:54:21 CEST.

Flavor Version Tinstall Tcheck Ttotal Status Flags
r-devel-linux-x86_64-debian-clang 1.0.3 86.46 346.60 433.06 OK
r-devel-linux-x86_64-debian-gcc 1.0.3 60.79 229.07 289.86 OK
r-devel-linux-x86_64-fedora-clang 1.0.3 521.35 OK
r-devel-linux-x86_64-fedora-gcc 1.0.3 439.73 OK
r-devel-windows-x86_64 1.0.3 114.00 336.00 450.00 OK
r-devel-windows-x86_64-gcc10-UCRT 1.0.3 OK
r-patched-linux-x86_64 1.0.3 74.54 277.88 352.42 OK
r-patched-solaris-x86 1.0.3 2016.30 WARN
r-release-linux-x86_64 1.0.3 74.44 276.91 351.35 OK
r-release-macos-arm64 1.0.3 OK
r-release-macos-x86_64 1.0.3 OK
r-release-windows-ix86+x86_64 1.0.3 171.00 367.00 538.00 OK
r-oldrel-macos-x86_64 1.0.3 OK
r-oldrel-windows-ix86+x86_64 1.0.3 227.00 360.00 587.00 OK

Check Details

Version: 1.0.3
Check: re-building of vignette outputs
Result: WARN
    Error(s) in re-building vignettes:
     ...
    --- re-building ‘HDclust.Rmd’ using rmarkdown
    Warning in engine$weave(file, quiet = quiet, encoding = enc) :
     Pandoc (>= 1.12.3) not available. Falling back to R Markdown v1.
    0% 10 20 30 40 50 60 70 80 90 100%
    [----|----|----|----|----|----|----|----|----|----|
    **************************************************|
    0% 10 20 30 40 50 60 70 80 90 100%
    [----|----|----|----|----|----|----|----|----|----|
    **************************************************|
Flavor: r-patched-solaris-x86