Last updated on 2023-01-28 04:56:57 CET.
Flavor | Version | Tinstall | Tcheck | Ttotal | Status | Flags |
---|---|---|---|---|---|---|
r-devel-linux-x86_64-debian-clang | 1.0.6-1 | 36.18 | 59.30 | 95.48 | OK | |
r-devel-linux-x86_64-debian-gcc | 1.0.6-1 | 26.71 | 44.00 | 70.71 | NOTE | |
r-devel-linux-x86_64-fedora-clang | 1.0.6-1 | 129.80 | OK | |||
r-devel-linux-x86_64-fedora-gcc | 1.0.6-1 | 113.91 | NOTE | |||
r-devel-windows-x86_64 | 1.0.6-1 | 75.00 | 114.00 | 189.00 | NOTE | |
r-patched-linux-x86_64 | 1.0.6-1 | 31.85 | 56.04 | 87.89 | OK | |
r-release-linux-x86_64 | 1.0.6-1 | 27.42 | 57.00 | 84.42 | OK | |
r-release-macos-arm64 | 1.0.6-1 | 37.00 | NOTE | |||
r-release-macos-x86_64 | 1.0.6-1 | 46.00 | NOTE | |||
r-release-windows-x86_64 | 1.0.6-1 | 87.00 | 115.00 | 202.00 | NOTE | |
r-oldrel-macos-arm64 | 1.0.6-1 | 33.00 | NOTE | |||
r-oldrel-macos-x86_64 | 1.0.6-1 | 49.00 | NOTE | |||
r-oldrel-windows-ix86+x86_64 | 1.0.6-1 | 87.00 | 120.00 | 207.00 | NOTE |
Version: 1.0.6-1
Check: C++ specification
Result: NOTE
Specified C++11: please update to current default of C++17
Flavors: r-devel-linux-x86_64-debian-gcc, r-devel-linux-x86_64-fedora-gcc
Version: 1.0.6-1
Check: installed package size
Result: NOTE
installed size is 5.4Mb
sub-directories of 1Mb or more:
libs 1.0Mb
shiny 4.3Mb
Flavors: r-devel-windows-x86_64, r-release-macos-arm64, r-release-macos-x86_64, r-release-windows-x86_64, r-oldrel-macos-arm64, r-oldrel-macos-x86_64, r-oldrel-windows-ix86+x86_64