CRAN Package Check Results for Package GridOnClusters

Last updated on 2021-10-23 05:51:29 CEST.

Flavor Version Tinstall Tcheck Ttotal Status Flags
r-devel-linux-x86_64-debian-clang 0.0.8 24.23 44.38 68.61 NOTE
r-devel-linux-x86_64-debian-gcc 0.0.8 16.60 34.51 51.11 NOTE
r-devel-linux-x86_64-fedora-clang 0.0.8 103.59 NOTE
r-devel-linux-x86_64-fedora-gcc 0.0.8 85.30 NOTE
r-devel-windows-x86_64 0.0.8 33.00 77.00 110.00 NOTE
r-devel-windows-x86_64-gcc10-UCRT 0.0.8 NOTE
r-patched-linux-x86_64 0.0.8 22.17 42.65 64.82 NOTE
r-patched-solaris-x86 0.0.8 109.70 NOTE
r-release-linux-x86_64 0.0.8 19.84 43.68 63.52 NOTE
r-release-macos-arm64 0.0.8 NOTE
r-release-macos-x86_64 0.0.8 NOTE
r-release-windows-ix86+x86_64 0.0.8 43.00 102.00 145.00 NOTE
r-oldrel-macos-x86_64 0.0.8 OK
r-oldrel-windows-ix86+x86_64 0.0.8 63.00 103.00 166.00 OK

Check Details

Version: 0.0.8
Check: LazyData
Result: NOTE
     'LazyData' is specified without a 'data' directory
Flavors: r-devel-linux-x86_64-debian-clang, r-devel-linux-x86_64-debian-gcc, r-devel-linux-x86_64-fedora-clang, r-devel-linux-x86_64-fedora-gcc, r-devel-windows-x86_64, r-devel-windows-x86_64-gcc10-UCRT, r-patched-linux-x86_64, r-patched-solaris-x86, r-release-linux-x86_64, r-release-macos-arm64, r-release-macos-x86_64, r-release-windows-ix86+x86_64