CRAN Package Check Results for Package GiniDistance

Last updated on 2022-01-23 00:57:13 CET.

Flavor Version Tinstall Tcheck Ttotal Status Flags
r-devel-linux-x86_64-debian-clang 0.1.0 33.56 44.26 77.82 NOTE
r-devel-linux-x86_64-debian-gcc 0.1.0 21.80 33.83 55.63 NOTE
r-devel-linux-x86_64-fedora-clang 0.1.0 101.26 NOTE
r-devel-linux-x86_64-fedora-gcc 0.1.0 84.44 NOTE
r-devel-windows-x86_64-new-UL 0.1.0 83.00 88.00 171.00 NOTE
r-devel-windows-x86_64-new-TK 0.1.0 NOTE
r-patched-linux-x86_64 0.1.0 31.67 43.41 75.08 NOTE
r-release-linux-x86_64 0.1.0 26.08 42.52 68.60 NOTE
r-release-macos-arm64 0.1.0 NOTE
r-release-macos-x86_64 0.1.0 NOTE
r-release-windows-ix86+x86_64 0.1.0 73.00 81.00 154.00 NOTE
r-oldrel-macos-x86_64 0.1.0 OK
r-oldrel-windows-ix86+x86_64 0.1.0 73.00 86.00 159.00 OK

Check Details

Version: 0.1.0
Check: LazyData
Result: NOTE
     'LazyData' is specified without a 'data' directory
Flavors: r-devel-linux-x86_64-debian-clang, r-devel-linux-x86_64-debian-gcc, r-devel-linux-x86_64-fedora-clang, r-devel-linux-x86_64-fedora-gcc, r-devel-windows-x86_64-new-UL, r-devel-windows-x86_64-new-TK, r-patched-linux-x86_64, r-release-linux-x86_64, r-release-macos-arm64, r-release-macos-x86_64, r-release-windows-ix86+x86_64