CRAN Package Check Results for Package GiRaF

Last updated on 2021-11-30 11:51:58 CET.

Flavor Version Tinstall Tcheck Ttotal Status Flags
r-devel-linux-x86_64-debian-clang 1.0.1 75.36 60.27 135.63 OK
r-devel-linux-x86_64-debian-gcc 1.0.1 61.22 46.39 107.61 OK
r-devel-linux-x86_64-fedora-clang 1.0.1 224.49 WARN
r-devel-linux-x86_64-fedora-gcc 1.0.1 201.46 WARN
r-devel-windows-x86_64-new-UL 1.0.1 114.00 163.00 277.00 OK
r-devel-windows-x86_64-new-TK 1.0.1 WARN
r-devel-windows-x86_64-old 1.0.1 111.00 85.00 196.00 OK
r-patched-linux-x86_64 1.0.1 74.23 59.83 134.06 OK
r-patched-solaris-x86 1.0.1 218.70 OK
r-release-linux-x86_64 1.0.1 70.59 58.53 129.12 OK
r-release-macos-arm64 1.0.1 NOTE
r-release-macos-x86_64 1.0.1 NOTE
r-release-windows-ix86+x86_64 1.0.1 208.00 130.00 338.00 OK
r-oldrel-macos-x86_64 1.0.1 NOTE
r-oldrel-windows-ix86+x86_64 1.0.1 150.00 95.00 245.00 OK

Check Details

Version: 1.0.1
Check: installed package size
Result: NOTE
     installed size is 5.2Mb
     sub-directories of 1Mb or more:
     libs 4.8Mb
Flavors: r-devel-linux-x86_64-fedora-clang, r-release-macos-arm64, r-release-macos-x86_64, r-oldrel-macos-x86_64

Version: 1.0.1
Check: compiled code
Result: NOTE
    File ‘GiRaF/libs/GiRaF.so’:
     Found no calls to: ‘R_registerRoutines’, ‘R_useDynamicSymbols’
    
    It is good practice to register native routines and to disable symbol
    search.
    
    See ‘Writing portable packages’ in the ‘Writing R Extensions’ manual.
Flavors: r-devel-linux-x86_64-fedora-clang, r-devel-linux-x86_64-fedora-gcc

Version: 1.0.1
Check: re-building of vignette outputs
Result: WARN
    Error(s) in re-building vignettes:
    --- re-building ‘GiRaF_introduction.Rnw’ using knitr
    Error: processing vignette 'GiRaF_introduction.Rnw' failed with diagnostics:
    Running 'texi2dvi' on 'GiRaF_introduction.tex' failed.
    LaTeX errors:
    ! Package xcolor Error: Undefined color `fgcolor'.
    
    See the xcolor package documentation for explanation.
    Type H <return> for immediate help.
     ...
    ! Package xcolor Error: Undefined color `fgcolor'.
    
    See the xcolor package documentation for explanation.
    Type H <return> for immediate help.
     ...
    ! Package xcolor Error: Undefined color `fgcolor'.
    
    See the xcolor package documentation for explanation.
    Type H <return> for immediate help.
     ...
    --- failed re-building ‘GiRaF_introduction.Rnw’
    
    SUMMARY: processing the following file failed:
     ‘GiRaF_introduction.Rnw’
    
    Error: Vignette re-building failed.
    Execution halted
Flavors: r-devel-linux-x86_64-fedora-clang, r-devel-linux-x86_64-fedora-gcc

Version: 1.0.1
Check: re-building of vignette outputs
Result: WARN
    Error(s) in re-building vignettes:
    --- re-building 'GiRaF_introduction.Rnw' using knitr
    Warning in system(paste(shQuote(texi2dvi), if (quiet) "--quiet" else "", :
     running command '"C:\PROGRA~1\MiKTeX\miktex\bin\x64\texify.exe" --quiet --pdf "GiRaF_introduction.tex" --max-iterations=20 -I "C:/r_packages/rinst/share/texmf/tex/latex" -I "C:/r_packages/rinst/share/texmf/bibtex/bst"' had status 1
    Error: processing vignette 'GiRaF_introduction.Rnw' failed with diagnostics:
    running 'texi2dvi' on 'GiRaF_introduction.tex' failed
    
    LaTeX errors:
    introduction.tex:480: Package xcolor Error: Undefined color `fgcolor'.
    
    See the xcolor package documentation for explanation.
    Type H <return> for immediate help.
     ...
    introduction.tex:553: Package xcolor Error: Undefined color `fgcolor'.
    
    See the xcolor package documentation for explanation.
    Type H <return> for immediate help.
     ...
    introduction.tex:635: Package xcolor Error: Undefined color `fgcolor'.
    
    See the xcolor package documentation for explanation.
    Type H <return> for immediate help.
     ...
    
    --- failed re-building 'GiRaF_introduction.Rnw'
    
    SUMMARY: processing the following file failed:
     'GiRaF_introduction.Rnw'
    
    Error: Vignette re-building failed.
    Execution halted
Flavor: r-devel-windows-x86_64-new-TK