Last updated on 2023-03-30 05:49:09 CEST.
Flavor | Version | Tinstall | Tcheck | Ttotal | Status | Flags |
---|---|---|---|---|---|---|
r-devel-linux-x86_64-debian-clang | 1.0 | 16.08 | 180.91 | 196.99 | NOTE | |
r-devel-linux-x86_64-debian-gcc | 1.0 | 14.07 | 131.33 | 145.40 | NOTE | |
r-devel-linux-x86_64-fedora-clang | 1.0 | 236.50 | NOTE | |||
r-devel-linux-x86_64-fedora-gcc | 1.0 | 220.67 | NOTE | |||
r-devel-windows-x86_64 | 1.0 | 24.00 | 0.00 | 24.00 | NOTE | |
r-patched-linux-x86_64 | 1.0 | 22.86 | 168.63 | 191.49 | NOTE | |
r-release-linux-x86_64 | 1.0 | 14.94 | 164.86 | 179.80 | NOTE | |
r-release-macos-arm64 | 1.0 | 62.00 | NOTE | |||
r-release-macos-x86_64 | 1.0 | 98.00 | NOTE | |||
r-release-windows-x86_64 | 1.0 | 30.00 | 199.00 | 229.00 | NOTE | |
r-oldrel-macos-arm64 | 1.0 | 65.00 | NOTE | |||
r-oldrel-macos-x86_64 | 1.0 | 91.00 | NOTE | |||
r-oldrel-windows-ix86+x86_64 | 1.0 | 39.00 | 193.00 | 232.00 | NOTE |
Version: 1.0
Check: LazyData
Result: NOTE
'LazyData' is specified without a 'data' directory
Flavors: r-devel-linux-x86_64-debian-clang, r-devel-linux-x86_64-debian-gcc, r-devel-linux-x86_64-fedora-clang, r-devel-linux-x86_64-fedora-gcc, r-devel-windows-x86_64, r-patched-linux-x86_64, r-release-linux-x86_64, r-release-macos-arm64, r-release-macos-x86_64, r-release-windows-x86_64, r-oldrel-macos-arm64, r-oldrel-macos-x86_64, r-oldrel-windows-ix86+x86_64
Version: 1.0
Check: R code for possible problems
Result: NOTE
Initiating curl with CURL_SSL_BACKEND: openssl
Flavor: r-oldrel-windows-ix86+x86_64