CRAN Package Check Results for Package GeoFIS

Last updated on 2021-10-18 04:54:20 CEST.

Flavor Version Tinstall Tcheck Ttotal Status Flags
r-devel-linux-x86_64-debian-clang 1.0.1 477.23 146.43 623.66 NOTE
r-devel-linux-x86_64-debian-gcc 1.0.1 436.06 130.92 566.98 NOTE
r-devel-linux-x86_64-fedora-clang 1.0.1 956.37 NOTE
r-devel-linux-x86_64-fedora-gcc 1.0.1 1044.29 NOTE
r-devel-windows-x86_64 1.0.1 606.00 204.00 810.00 NOTE
r-devel-windows-x86_64-gcc10-UCRT 1.0.1 NOTE
r-patched-linux-x86_64 1.0.1 507.45 147.82 655.27 NOTE
r-patched-solaris-x86 1.0.1 903.60 NOTE
r-release-linux-x86_64 1.0.1 511.31 147.21 658.52 NOTE
r-release-macos-arm64 1.0.1 NOTE
r-release-macos-x86_64 1.0.1 NOTE
r-release-windows-ix86+x86_64 1.0.1 872.00 285.00 1157.00 NOTE
r-oldrel-macos-x86_64 1.0.1 NOTE
r-oldrel-windows-ix86+x86_64 1.0.1 1223.00 295.00 1518.00 NOTE

Additional issues

clang-UBSAN gcc-UBSAN

Check Details

Version: 1.0.1
Check: for GNU extensions in Makefiles
Result: NOTE
    GNU make is a SystemRequirements.
Flavors: r-devel-linux-x86_64-debian-clang, r-devel-linux-x86_64-debian-gcc, r-devel-linux-x86_64-fedora-clang, r-devel-linux-x86_64-fedora-gcc, r-devel-windows-x86_64, r-devel-windows-x86_64-gcc10-UCRT, r-patched-linux-x86_64, r-patched-solaris-x86, r-release-linux-x86_64, r-release-macos-arm64, r-release-macos-x86_64, r-release-windows-ix86+x86_64, r-oldrel-macos-x86_64, r-oldrel-windows-ix86+x86_64

Version: 1.0.1
Check: installed package size
Result: NOTE
     installed size is 82.0Mb
     sub-directories of 1Mb or more:
     libs 80.6Mb
Flavors: r-devel-linux-x86_64-fedora-clang, r-devel-windows-x86_64, r-patched-solaris-x86, r-release-macos-arm64, r-release-macos-x86_64, r-release-windows-ix86+x86_64, r-oldrel-macos-x86_64, r-oldrel-windows-ix86+x86_64