CRAN Package Check Results for Package GenomicTools

Last updated on 2021-08-01 19:51:27 CEST.

Flavor Version Tinstall Tcheck Ttotal Status Flags
r-devel-linux-x86_64-debian-clang 0.2.9.7 49.74 122.62 172.36 OK
r-devel-linux-x86_64-debian-gcc 0.2.9.7 32.71 91.02 123.73 OK
r-devel-linux-x86_64-fedora-clang 0.2.9.7 223.24 OK
r-devel-linux-x86_64-fedora-gcc 0.2.9.7 210.27 OK
r-devel-windows-x86_64 0.2.9.7 46.00 170.00 216.00 OK
r-devel-windows-x86_64-gcc10-UCRT 0.2.9.7 OK
r-patched-linux-x86_64 0.2.9.7 OK
r-patched-solaris-x86 0.2.9.7 252.80 OK
r-release-linux-x86_64 0.2.9.7 38.29 116.26 154.55 OK
r-release-macos-arm64 0.2.9.7 ERROR
r-release-macos-x86_64 0.2.9.7 OK
r-release-windows-ix86+x86_64 0.2.9.7 120.00 202.00 322.00 OK
r-oldrel-macos-x86_64 0.2.9.7 OK
r-oldrel-windows-ix86+x86_64 0.2.9.7 84.00 207.00 291.00 OK

Check Details

Version: 0.2.9.7
Check: package dependencies
Result: ERROR
    Packages required but not available: 'GenomicTools.fileHandler', 'snpStats'
    
    See section ‘The DESCRIPTION file’ in the ‘Writing R Extensions’
    manual.
Flavor: r-release-macos-arm64