CRAN Package Check Results for Package GenomicTools.fileHandler

Last updated on 2021-09-21 16:51:23 CEST.

Flavor Version Tinstall Tcheck Ttotal Status Flags
r-devel-linux-x86_64-debian-clang 0.1.5.9 11.87 99.18 111.05 OK
r-devel-linux-x86_64-debian-gcc 0.1.5.9 9.08 72.41 81.49 OK
r-devel-linux-x86_64-fedora-clang 0.1.5.9 141.15 OK
r-devel-linux-x86_64-fedora-gcc 0.1.5.9 129.27 OK
r-devel-windows-x86_64 0.1.5.9 18.00 88.00 106.00 OK
r-devel-windows-x86_64-gcc10-UCRT 0.1.5.9 ERROR
r-patched-linux-x86_64 0.1.5.9 11.10 94.08 105.18 OK
r-patched-solaris-x86 0.1.5.9 178.70 OK
r-release-linux-x86_64 0.1.5.9 10.15 92.22 102.37 OK
r-release-macos-arm64 0.1.5.9 OK
r-release-macos-x86_64 0.1.5.9 OK
r-release-windows-ix86+x86_64 0.1.5.9 26.00 123.00 149.00 OK
r-oldrel-macos-x86_64 0.1.5.9 OK
r-oldrel-windows-ix86+x86_64 0.1.5.9 25.00 125.00 150.00 OK

Check Details

Version: 0.1.5.9
Check: whether package can be installed
Result: WARN
    Found the following significant warnings:
     WARNING: installation-time patches will not be applied, could not get the patches index
Flavor: r-devel-windows-x86_64-gcc10-UCRT

Version: 0.1.5.9
Check: PDF version of manual
Result: WARN
    LaTeX errors when creating PDF version.
    This typically indicates Rd problems.
Flavor: r-devel-windows-x86_64-gcc10-UCRT

Version: 0.1.5.9
Check: PDF version of manual without hyperrefs or index
Result: ERROR
    Re-running with no redirection of stdout/stderr.
Flavor: r-devel-windows-x86_64-gcc10-UCRT