CRAN Package Check Results for Package GenomeAdmixR

Last updated on 2021-10-21 04:58:31 CEST.

Flavor Version Tinstall Tcheck Ttotal Status Flags
r-devel-linux-x86_64-debian-clang 2.1.1 94.23 279.96 374.19 OK
r-devel-linux-x86_64-debian-gcc 2.1.1 72.87 243.35 316.22 OK
r-devel-linux-x86_64-fedora-clang 2.1.1 513.67 NOTE
r-devel-linux-x86_64-fedora-gcc 2.1.1 562.90 OK
r-devel-windows-x86_64 2.1.1 147.00 335.00 482.00 OK
r-devel-windows-x86_64-gcc10-UCRT 2.1.1 ERROR
r-patched-linux-x86_64 2.1.1 92.92 318.42 411.34 OK
r-patched-solaris-x86 2.1.1 291.30 OK
r-release-linux-x86_64 2.1.1 78.83 315.01 393.84 OK
r-release-macos-arm64 2.1.1 NOTE
r-release-macos-x86_64 2.1.1 NOTE
r-release-windows-ix86+x86_64 2.1.1 236.00 501.00 737.00 NOTE
r-oldrel-macos-x86_64 2.1.1 NOTE
r-oldrel-windows-ix86+x86_64 2.1.1 153.00 9.00 162.00 ERROR

Check Details

Version: 2.1.1
Check: installed package size
Result: NOTE
     installed size is 6.4Mb
     sub-directories of 1Mb or more:
     doc 2.1Mb
     libs 3.7Mb
Flavors: r-devel-linux-x86_64-fedora-clang, r-release-macos-arm64, r-release-macos-x86_64, r-release-windows-ix86+x86_64, r-oldrel-macos-x86_64

Version: 2.1.1
Check: package dependencies
Result: ERROR
    Package required but not available: 'hierfstat'
    
    See section 'The DESCRIPTION file' in the 'Writing R Extensions'
    manual.
Flavor: r-devel-windows-x86_64-gcc10-UCRT

Version: 2.1.1
Check: whether package can be installed
Result: ERROR
    Installation failed.
Flavor: r-oldrel-windows-ix86+x86_64