CRAN Package Check Results for Package GeNetIt

Last updated on 2021-12-03 23:49:58 CET.

Flavor Version Tinstall Tcheck Ttotal Status Flags
r-devel-linux-x86_64-debian-clang 0.1-4 4.93 55.75 60.68 OK
r-devel-linux-x86_64-debian-gcc 0.1-4 4.26 41.75 46.01 OK
r-devel-linux-x86_64-fedora-clang 0.1-4 85.17 NOTE
r-devel-linux-x86_64-fedora-gcc 0.1-4 72.92 NOTE
r-devel-windows-x86_64-new-UL 0.1-4 12.00 93.00 105.00 OK
r-devel-windows-x86_64-new-TK 0.1-4 NOTE
r-devel-windows-x86_64-old 0.1-4 9.00 61.00 70.00 OK
r-patched-linux-x86_64 0.1-4 4.78 51.31 56.09 OK
r-release-linux-x86_64 0.1-4 5.04 51.49 56.53 OK
r-release-macos-arm64 0.1-4 NOTE
r-release-macos-x86_64 0.1-4 NOTE
r-release-windows-ix86+x86_64 0.1-4 10.00 80.00 90.00 OK
r-oldrel-macos-x86_64 0.1-4 NOTE
r-oldrel-windows-ix86+x86_64 0.1-4 10.00 80.00 90.00 OK

Check Details

Version: 0.1-4
Check: dependencies in R code
Result: NOTE
    Namespace in Imports field not imported from: ‘rgeos’
     All declared Imports should be used.
Flavors: r-devel-linux-x86_64-fedora-clang, r-devel-linux-x86_64-fedora-gcc, r-devel-windows-x86_64-new-TK, r-release-macos-arm64, r-release-macos-x86_64, r-oldrel-macos-x86_64