CRAN Package Check Results for Package GapAnalysis

Last updated on 2021-12-06 23:50:47 CET.

Flavor Version Tinstall Tcheck Ttotal Status Flags
r-devel-linux-x86_64-debian-clang 1.0.2 32.10 303.49 335.59 OK
r-devel-linux-x86_64-debian-gcc 1.0.2 25.86 222.74 248.60 OK
r-devel-linux-x86_64-fedora-clang 1.0.2 401.70 NOTE
r-devel-linux-x86_64-fedora-gcc 1.0.2 394.01 NOTE
r-devel-windows-x86_64-new-UL 1.0.2 51.00 321.00 372.00 OK
r-devel-windows-x86_64-new-TK 1.0.2 NOTE
r-devel-windows-x86_64-old 1.0.2 49.00 241.00 290.00 OK
r-patched-linux-x86_64 1.0.2 25.15 281.81 306.96 OK
r-release-linux-x86_64 1.0.2 22.79 291.61 314.40 OK
r-release-macos-arm64 1.0.2 NOTE
r-release-macos-x86_64 1.0.2 NOTE
r-release-windows-ix86+x86_64 1.0.2 74.00 318.00 392.00 OK
r-oldrel-macos-x86_64 1.0.2 NOTE
r-oldrel-windows-ix86+x86_64 1.0.2 74.00 336.00 410.00 OK

Check Details

Version: 1.0.2
Check: data for non-ASCII characters
Result: NOTE
     Note: found 2 marked UTF-8 strings
Flavors: r-devel-linux-x86_64-fedora-clang, r-devel-linux-x86_64-fedora-gcc, r-devel-windows-x86_64-new-TK, r-release-macos-arm64, r-release-macos-x86_64, r-oldrel-macos-x86_64