CRAN Package Check Results for Package GWpcor

Last updated on 2021-06-16 21:51:44 CEST.

Flavor Version Tinstall Tcheck Ttotal Status Flags
r-devel-linux-x86_64-debian-clang 0.1.6 7.56 64.98 72.54 NOTE
r-devel-linux-x86_64-debian-gcc 0.1.6 5.87 48.67 54.54 NOTE
r-devel-linux-x86_64-fedora-clang 0.1.6 96.56 NOTE
r-devel-linux-x86_64-fedora-gcc 0.1.6 82.63 NOTE
r-devel-windows-x86_64 0.1.6 12.00 93.00 105.00 NOTE
r-devel-windows-x86_64-gcc10-UCRT 0.1.6 ERROR
r-patched-linux-x86_64 0.1.6 7.18 60.98 68.16 NOTE
r-patched-solaris-x86 0.1.6 132.80 NOTE
r-release-linux-x86_64 0.1.6 6.39 60.70 67.09 NOTE
r-release-macos-arm64 0.1.6 NOTE
r-release-macos-x86_64 0.1.6 NOTE
r-release-windows-ix86+x86_64 0.1.6 17.00 81.00 98.00 NOTE
r-oldrel-macos-x86_64 0.1.6 OK
r-oldrel-windows-ix86+x86_64 0.1.6 12.00 62.00 74.00 OK

Check Details

Version: 0.1.6
Check: LazyData
Result: NOTE
     'LazyData' is specified without a 'data' directory
Flavors: r-devel-linux-x86_64-debian-clang, r-devel-linux-x86_64-debian-gcc, r-devel-linux-x86_64-fedora-clang, r-devel-linux-x86_64-fedora-gcc, r-devel-windows-x86_64, r-patched-linux-x86_64, r-patched-solaris-x86, r-release-linux-x86_64, r-release-macos-arm64, r-release-macos-x86_64, r-release-windows-ix86+x86_64

Version: 0.1.6
Check: package dependencies
Result: ERROR
    Package required but not available: 'sf'
    
    See section 'The DESCRIPTION file' in the 'Writing R Extensions'
    manual.
Flavor: r-devel-windows-x86_64-gcc10-UCRT