CRAN Package Check Results for Package GWEX

Last updated on 2021-10-27 16:49:05 CEST.

Flavor Version Tinstall Tcheck Ttotal Status Flags
r-devel-linux-x86_64-debian-clang 1.0.2 5.99 38.36 44.35 OK
r-devel-linux-x86_64-debian-gcc 1.0.2 4.69 29.26 33.95 OK
r-devel-linux-x86_64-fedora-clang 1.0.2 65.03 NOTE
r-devel-linux-x86_64-fedora-gcc 1.0.2 53.90 NOTE
r-devel-windows-x86_64 1.0.2 14.00 54.00 68.00 OK
r-devel-windows-x86_64-gcc10-UCRT 1.0.2 OK
r-patched-linux-x86_64 1.0.2 5.74 37.62 43.36 OK
r-patched-solaris-x86 1.0.2 88.30 OK
r-release-linux-x86_64 1.0.2 5.82 37.26 43.08 OK
r-release-macos-arm64 1.0.2 OK
r-release-macos-x86_64 1.0.2 OK
r-release-windows-ix86+x86_64 1.0.2 13.00 85.00 98.00 OK
r-oldrel-macos-x86_64 1.0.2 OK
r-oldrel-windows-ix86+x86_64 1.0.2 18.00 84.00 102.00 OK

Check Details

Version: 1.0.2
Check: compiled code
Result: NOTE
    File ‘GWEX/libs/GWEX.so’:
     Found no calls to: ‘R_registerRoutines’, ‘R_useDynamicSymbols’
    
    It is good practice to register native routines and to disable symbol
    search.
    
    See ‘Writing portable packages’ in the ‘Writing R Extensions’ manual.
Flavors: r-devel-linux-x86_64-fedora-clang, r-devel-linux-x86_64-fedora-gcc