Last updated on 2023-03-31 05:54:25 CEST.
Flavor | Version | Tinstall | Tcheck | Ttotal | Status | Flags |
---|---|---|---|---|---|---|
r-devel-linux-x86_64-debian-clang | 2.2 | 41.79 | 113.22 | 155.01 | NOTE | |
r-devel-linux-x86_64-debian-gcc | 2.2 | 29.91 | 84.34 | 114.25 | NOTE | |
r-devel-linux-x86_64-fedora-clang | 2.2 | 200.47 | NOTE | |||
r-devel-linux-x86_64-fedora-gcc | 2.2 | 182.33 | NOTE | |||
r-devel-windows-x86_64 | 2.2 | 42.00 | 0.00 | 42.00 | NOTE | |
r-patched-linux-x86_64 | 2.2 | 36.11 | 103.42 | 139.53 | NOTE | |
r-release-linux-x86_64 | 2.2 | 24.28 | 104.11 | 128.39 | NOTE | |
r-release-macos-arm64 | 2.2 | 43.00 | OK | |||
r-release-macos-x86_64 | 2.2 | 68.00 | OK | |||
r-release-windows-x86_64 | 2.2 | 36.00 | 164.00 | 200.00 | NOTE | |
r-oldrel-macos-arm64 | 2.2 | 46.00 | OK | |||
r-oldrel-macos-x86_64 | 2.2 | 64.00 | OK | |||
r-oldrel-windows-ix86+x86_64 | 2.2 | 96.00 | 175.00 | 271.00 | OK |
Version: 2.2
Check: C++ specification
Result: NOTE
Specified C++11: please drop specification unless essential
Flavors: r-devel-linux-x86_64-debian-clang, r-devel-linux-x86_64-debian-gcc, r-devel-linux-x86_64-fedora-clang, r-devel-linux-x86_64-fedora-gcc, r-devel-windows-x86_64, r-patched-linux-x86_64
Version: 2.2
Check: HTML version of manual
Result: NOTE
Found the following problems:
GWASinlps.Rd:187:1: Warning: trimming empty <h4>
Flavors: r-release-linux-x86_64, r-release-windows-x86_64